[Fri Dec 05 10:55:56.730409 2025] [access_compat:error] [pid 13095:tid 13095] [client 4.218.20.75:24859] AH01797: client denied by server configuration: /home/cloudw/public_html/trainings/index.php
[Fri Dec 05 10:55:56.936982 2025] [access_compat:error] [pid 13095:tid 13095] [client 4.218.20.75:24859] AH01797: client denied by server configuration: /home/cloudw/public_html/trainings/ave.php
[Fri Dec 05 10:55:56.937244 2025] [access_compat:error] [pid 13095:tid 13095] [client 4.218.20.75:24859] AH01797: client denied by server configuration: /home/cloudw/public_html/trainings/index.php
[Fri Dec 05 10:55:57.149581 2025] [access_compat:error] [pid 13095:tid 13095] [client 4.218.20.75:24859] AH01797: client denied by server configuration: /home/cloudw/public_html/trainings/wrt.php
[Fri Dec 05 10:55:57.149858 2025] [access_compat:error] [pid 13095:tid 13095] [client 4.218.20.75:24859] AH01797: client denied by server configuration: /home/cloudw/public_html/trainings/index.php
[Fri Dec 05 10:55:57.357853 2025] [access_compat:error] [pid 13095:tid 13095] [client 4.218.20.75:24859] AH01797: client denied by server configuration: /home/cloudw/public_html/trainings/bibil.php
[Fri Dec 05 10:55:57.358111 2025] [access_compat:error] [pid 13095:tid 13095] [client 4.218.20.75:24859] AH01797: client denied by server configuration: /home/cloudw/public_html/trainings/index.php
[Fri Dec 05 10:55:57.568252 2025] [access_compat:error] [pid 13095:tid 13095] [client 4.218.20.75:24859] AH01797: client denied by server configuration: /home/cloudw/public_html/trainings/radio.php
[Fri Dec 05 10:55:57.568540 2025] [access_compat:error] [pid 13095:tid 13095] [client 4.218.20.75:24859] AH01797: client denied by server configuration: /home/cloudw/public_html/trainings/index.php
[Fri Dec 05 10:55:57.775033 2025] [access_compat:error] [pid 13095:tid 13095] [client 4.218.20.75:24859] AH01797: client denied by server configuration: /home/cloudw/public_html/trainings/files.php
[Fri Dec 05 10:55:57.775294 2025] [access_compat:error] [pid 13095:tid 13095] [client 4.218.20.75:24859] AH01797: client denied by server configuration: /home/cloudw/public_html/trainings/index.php
[Fri Dec 05 10:55:57.981871 2025] [access_compat:error] [pid 13095:tid 13095] [client 4.218.20.75:24859] AH01797: client denied by server configuration: /home/cloudw/public_html/trainings/file7.php
[Fri Dec 05 10:55:57.982126 2025] [access_compat:error] [pid 13095:tid 13095] [client 4.218.20.75:24859] AH01797: client denied by server configuration: /home/cloudw/public_html/trainings/index.php
[Fri Dec 05 10:55:58.188599 2025] [access_compat:error] [pid 13095:tid 13095] [client 4.218.20.75:24859] AH01797: client denied by server configuration: /home/cloudw/public_html/trainings/gifclass.php
[Fri Dec 05 10:55:58.188869 2025] [access_compat:error] [pid 13095:tid 13095] [client 4.218.20.75:24859] AH01797: client denied by server configuration: /home/cloudw/public_html/trainings/index.php
[Fri Dec 05 10:55:58.396713 2025] [access_compat:error] [pid 13095:tid 13095] [client 4.218.20.75:24859] AH01797: client denied by server configuration: /home/cloudw/public_html/trainings/index.php
[Fri Dec 05 10:55:58.397003 2025] [access_compat:error] [pid 13095:tid 13095] [client 4.218.20.75:24859] AH01797: client denied by server configuration: /home/cloudw/public_html/trainings/index.php
[Fri Dec 05 10:55:58.604267 2025] [access_compat:error] [pid 13095:tid 13095] [client 4.218.20.75:24859] AH01797: client denied by server configuration: /home/cloudw/public_html/trainings/nox.php
[Fri Dec 05 10:55:58.604542 2025] [access_compat:error] [pid 13095:tid 13095] [client 4.218.20.75:24859] AH01797: client denied by server configuration: /home/cloudw/public_html/trainings/index.php
[Fri Dec 05 10:55:58.813557 2025] [access_compat:error] [pid 13095:tid 13095] [client 4.218.20.75:24859] AH01797: client denied by server configuration: /home/cloudw/public_html/trainings/file48.php
[Fri Dec 05 10:55:58.813841 2025] [access_compat:error] [pid 13095:tid 13095] [client 4.218.20.75:24859] AH01797: client denied by server configuration: /home/cloudw/public_html/trainings/index.php
[Fri Dec 05 10:55:59.020468 2025] [access_compat:error] [pid 13095:tid 13095] [client 4.218.20.75:24859] AH01797: client denied by server configuration: /home/cloudw/public_html/trainings/info.php
[Fri Dec 05 10:55:59.020751 2025] [access_compat:error] [pid 13095:tid 13095] [client 4.218.20.75:24859] AH01797: client denied by server configuration: /home/cloudw/public_html/trainings/index.php
[Fri Dec 05 10:55:59.227509 2025] [access_compat:error] [pid 13095:tid 13095] [client 4.218.20.75:24859] AH01797: client denied by server configuration: /home/cloudw/public_html/trainings/class9.php
[Fri Dec 05 10:55:59.227811 2025] [access_compat:error] [pid 13095:tid 13095] [client 4.218.20.75:24859] AH01797: client denied by server configuration: /home/cloudw/public_html/trainings/index.php
[Fri Dec 05 10:55:59.434498 2025] [access_compat:error] [pid 13095:tid 13095] [client 4.218.20.75:24859] AH01797: client denied by server configuration: /home/cloudw/public_html/trainings/la.php
[Fri Dec 05 10:55:59.434794 2025] [access_compat:error] [pid 13095:tid 13095] [client 4.218.20.75:24859] AH01797: client denied by server configuration: /home/cloudw/public_html/trainings/index.php
[Fri Dec 05 10:55:59.641271 2025] [access_compat:error] [pid 13095:tid 13095] [client 4.218.20.75:24859] AH01797: client denied by server configuration: /home/cloudw/public_html/trainings/bless11.php
[Fri Dec 05 10:55:59.641560 2025] [access_compat:error] [pid 13095:tid 13095] [client 4.218.20.75:24859] AH01797: client denied by server configuration: /home/cloudw/public_html/trainings/index.php
[Fri Dec 05 10:55:59.848163 2025] [access_compat:error] [pid 13095:tid 13095] [client 4.218.20.75:24859] AH01797: client denied by server configuration: /home/cloudw/public_html/trainings/ccou.php
[Fri Dec 05 10:55:59.848438 2025] [access_compat:error] [pid 13095:tid 13095] [client 4.218.20.75:24859] AH01797: client denied by server configuration: /home/cloudw/public_html/trainings/index.php
[Fri Dec 05 10:56:00.055051 2025] [access_compat:error] [pid 13095:tid 13095] [client 4.218.20.75:24859] AH01797: client denied by server configuration: /home/cloudw/public_html/trainings/ton.php
[Fri Dec 05 10:56:00.055337 2025] [access_compat:error] [pid 13095:tid 13095] [client 4.218.20.75:24859] AH01797: client denied by server configuration: /home/cloudw/public_html/trainings/index.php
[Fri Dec 05 10:56:00.263288 2025] [access_compat:error] [pid 13095:tid 13095] [client 4.218.20.75:24859] AH01797: client denied by server configuration: /home/cloudw/public_html/trainings/403.php
[Fri Dec 05 10:56:00.263567 2025] [access_compat:error] [pid 13095:tid 13095] [client 4.218.20.75:24859] AH01797: client denied by server configuration: /home/cloudw/public_html/trainings/index.php
[Fri Dec 05 10:56:00.471044 2025] [access_compat:error] [pid 13095:tid 13095] [client 4.218.20.75:24859] AH01797: client denied by server configuration: /home/cloudw/public_html/trainings/file9.php
[Fri Dec 05 10:56:00.471312 2025] [access_compat:error] [pid 13095:tid 13095] [client 4.218.20.75:24859] AH01797: client denied by server configuration: /home/cloudw/public_html/trainings/index.php
[Fri Dec 05 10:56:00.679701 2025] [access_compat:error] [pid 13095:tid 13095] [client 4.218.20.75:24859] AH01797: client denied by server configuration: /home/cloudw/public_html/trainings/php.php
[Fri Dec 05 10:56:00.679974 2025] [access_compat:error] [pid 13095:tid 13095] [client 4.218.20.75:24859] AH01797: client denied by server configuration: /home/cloudw/public_html/trainings/index.php
[Fri Dec 05 10:56:00.891648 2025] [access_compat:error] [pid 13095:tid 13095] [client 4.218.20.75:24859] AH01797: client denied by server configuration: /home/cloudw/public_html/trainings/ac.php
[Fri Dec 05 10:56:00.891945 2025] [access_compat:error] [pid 13095:tid 13095] [client 4.218.20.75:24859] AH01797: client denied by server configuration: /home/cloudw/public_html/trainings/index.php
[Fri Dec 05 10:56:01.098867 2025] [access_compat:error] [pid 13095:tid 13095] [client 4.218.20.75:24859] AH01797: client denied by server configuration: /home/cloudw/public_html/trainings/new.php
[Fri Dec 05 10:56:01.099153 2025] [access_compat:error] [pid 13095:tid 13095] [client 4.218.20.75:24859] AH01797: client denied by server configuration: /home/cloudw/public_html/trainings/index.php
[Fri Dec 05 10:56:01.315209 2025] [access_compat:error] [pid 13095:tid 13095] [client 4.218.20.75:24859] AH01797: client denied by server configuration: /home/cloudw/public_html/trainings/new4.php
[Fri Dec 05 10:56:01.315476 2025] [access_compat:error] [pid 13095:tid 13095] [client 4.218.20.75:24859] AH01797: client denied by server configuration: /home/cloudw/public_html/trainings/index.php
[Fri Dec 05 10:56:01.527664 2025] [access_compat:error] [pid 13095:tid 13095] [client 4.218.20.75:24859] AH01797: client denied by server configuration: /home/cloudw/public_html/trainings/pop.php
[Fri Dec 05 10:56:01.527953 2025] [access_compat:error] [pid 13095:tid 13095] [client 4.218.20.75:24859] AH01797: client denied by server configuration: /home/cloudw/public_html/trainings/index.php
[Fri Dec 05 10:56:01.735267 2025] [access_compat:error] [pid 13095:tid 13095] [client 4.218.20.75:24859] AH01797: client denied by server configuration: /home/cloudw/public_html/trainings/az.php
[Fri Dec 05 10:56:01.735554 2025] [access_compat:error] [pid 13095:tid 13095] [client 4.218.20.75:24859] AH01797: client denied by server configuration: /home/cloudw/public_html/trainings/index.php
[Fri Dec 05 10:56:01.942369 2025] [access_compat:error] [pid 13095:tid 13095] [client 4.218.20.75:24859] AH01797: client denied by server configuration: /home/cloudw/public_html/trainings/xaz.php
[Fri Dec 05 10:56:01.942638 2025] [access_compat:error] [pid 13095:tid 13095] [client 4.218.20.75:24859] AH01797: client denied by server configuration: /home/cloudw/public_html/trainings/index.php
[Fri Dec 05 10:56:02.149408 2025] [access_compat:error] [pid 13095:tid 13095] [client 4.218.20.75:24859] AH01797: client denied by server configuration: /home/cloudw/public_html/trainings/up4.php
[Fri Dec 05 10:56:02.149707 2025] [access_compat:error] [pid 13095:tid 13095] [client 4.218.20.75:24859] AH01797: client denied by server configuration: /home/cloudw/public_html/trainings/index.php
[Fri Dec 05 10:56:02.360169 2025] [access_compat:error] [pid 13095:tid 13095] [client 4.218.20.75:24859] AH01797: client denied by server configuration: /home/cloudw/public_html/trainings/1aa.php
[Fri Dec 05 10:56:02.360444 2025] [access_compat:error] [pid 13095:tid 13095] [client 4.218.20.75:24859] AH01797: client denied by server configuration: /home/cloudw/public_html/trainings/index.php
[Fri Dec 05 10:56:02.567050 2025] [access_compat:error] [pid 13095:tid 13095] [client 4.218.20.75:24859] AH01797: client denied by server configuration: /home/cloudw/public_html/trainings/elp.php
[Fri Dec 05 10:56:02.567306 2025] [access_compat:error] [pid 13095:tid 13095] [client 4.218.20.75:24859] AH01797: client denied by server configuration: /home/cloudw/public_html/trainings/index.php
[Fri Dec 05 10:56:02.775301 2025] [access_compat:error] [pid 13095:tid 13095] [client 4.218.20.75:24859] AH01797: client denied by server configuration: /home/cloudw/public_html/trainings/wtz.php
[Fri Dec 05 10:56:02.775576 2025] [access_compat:error] [pid 13095:tid 13095] [client 4.218.20.75:24859] AH01797: client denied by server configuration: /home/cloudw/public_html/trainings/index.php
[Fri Dec 05 10:56:15.916951 2025] [autoindex:error] [pid 13082:tid 13082] [client 10.30.9.138:48196] AH01276: Cannot serve directory /home/theforgecom/public_html/: No matching DirectoryIndex (index.php,index.php8,index.php7,index.php5,index.perl,index.pl,index.plx,index.ppl,index.cgi,index.jsp,index.jp,index.phtml,index.shtml,index.xhtml,index.html,index.htm,index.js) found, and server-generated directory index forbidden by Options directive
[Fri Dec 05 10:56:16.032349 2025] [autoindex:error] [pid 13095:tid 13095] [client 10.30.9.122:45306] AH01276: Cannot serve directory /home/theforgecom/public_html/: No matching DirectoryIndex (index.php,index.php8,index.php7,index.php5,index.perl,index.pl,index.plx,index.ppl,index.cgi,index.jsp,index.jp,index.phtml,index.shtml,index.xhtml,index.html,index.htm,index.js) found, and server-generated directory index forbidden by Options directive
[Fri Dec 05 10:56:36.164043 2025] [access_compat:error] [pid 13095:tid 13095] [client 154.54.249.205:31029] AH01797: client denied by server configuration: /home/cloudw/team.cloudware.ng/var/cache/prod/pools/2wJoJAFabM/0/-/index.php
[Fri Dec 05 10:56:36.164616 2025] [access_compat:error] [pid 13095:tid 13095] [client 154.54.249.205:31029] AH01797: client denied by server configuration: /home/cloudw/team.cloudware.ng/var/cache/prod/pools/2wJoJAFabM/0/-/index.php5
[Fri Dec 05 10:56:45.916290 2025] [autoindex:error] [pid 13265:tid 13265] [client 10.30.9.138:41826] AH01276: Cannot serve directory /home/theforgecom/public_html/: No matching DirectoryIndex (index.php,index.php8,index.php7,index.php5,index.perl,index.pl,index.plx,index.ppl,index.cgi,index.jsp,index.jp,index.phtml,index.shtml,index.xhtml,index.html,index.htm,index.js) found, and server-generated directory index forbidden by Options directive
[Fri Dec 05 10:56:46.039691 2025] [autoindex:error] [pid 23912:tid 23912] [client 10.30.9.122:39032] AH01276: Cannot serve directory /home/theforgecom/public_html/: No matching DirectoryIndex (index.php,index.php8,index.php7,index.php5,index.perl,index.pl,index.plx,index.ppl,index.cgi,index.jsp,index.jp,index.phtml,index.shtml,index.xhtml,index.html,index.htm,index.js) found, and server-generated directory index forbidden by Options directive
[Fri Dec 05 10:57:15.916148 2025] [autoindex:error] [pid 12987:tid 12987] [client 10.30.9.138:35452] AH01276: Cannot serve directory /home/theforgecom/public_html/: No matching DirectoryIndex (index.php,index.php8,index.php7,index.php5,index.perl,index.pl,index.plx,index.ppl,index.cgi,index.jsp,index.jp,index.phtml,index.shtml,index.xhtml,index.html,index.htm,index.js) found, and server-generated directory index forbidden by Options directive
[Fri Dec 05 10:57:16.034405 2025] [autoindex:error] [pid 23248:tid 23248] [client 10.30.9.122:60938] AH01276: Cannot serve directory /home/theforgecom/public_html/: No matching DirectoryIndex (index.php,index.php8,index.php7,index.php5,index.perl,index.pl,index.plx,index.ppl,index.cgi,index.jsp,index.jp,index.phtml,index.shtml,index.xhtml,index.html,index.htm,index.js) found, and server-generated directory index forbidden by Options directive
[Fri Dec 05 10:57:40.311083 2025] [autoindex:error] [pid 23248:tid 23248] [client 4.241.246.30:34318] AH01276: Cannot serve directory /home/healthoyostate78/public_html/wp-includes/rest-api/fields/: No matching DirectoryIndex (index.php,index.php8,index.php7,index.php5,index.perl,index.pl,index.plx,index.ppl,index.cgi,index.jsp,index.jp,index.phtml,index.shtml,index.xhtml,index.html,index.htm,index.js) found, and server-generated directory index forbidden by Options directive
[Fri Dec 05 10:57:40.845058 2025] [proxy:error] [pid 16037:tid 16037] (111)Connection refused: AH00957: http: attempt to connect to 127.0.0.1:2079 (127.0.0.1:2079) failed
[Fri Dec 05 10:57:40.845120 2025] [proxy_http:error] [pid 16037:tid 16037] [client 116.179.32.94:23359] AH01114: HTTP: failed to make connection to backend: 127.0.0.1
[Fri Dec 05 10:57:40.845209 2025] [proxy:error] [pid 16037:tid 16037] (111)Connection refused: AH00957: http: attempt to connect to 127.0.0.1:2079 (127.0.0.1:2079) failed
[Fri Dec 05 10:57:40.845214 2025] [proxy_http:error] [pid 16037:tid 16037] [client 116.179.32.94:23359] AH01114: HTTP: failed to make connection to backend: 127.0.0.1
[Fri Dec 05 10:57:41.068559 2025] [proxy:error] [pid 23240:tid 23240] (111)Connection refused: AH00957: http: attempt to connect to 127.0.0.1:2079 (127.0.0.1:2079) failed
[Fri Dec 05 10:57:41.068625 2025] [proxy_http:error] [pid 23240:tid 23240] [client 119.249.100.174:31444] AH01114: HTTP: failed to make connection to backend: 127.0.0.1
[Fri Dec 05 10:57:41.068734 2025] [proxy:error] [pid 23240:tid 23240] (111)Connection refused: AH00957: http: attempt to connect to 127.0.0.1:2079 (127.0.0.1:2079) failed
[Fri Dec 05 10:57:41.068740 2025] [proxy_http:error] [pid 23240:tid 23240] [client 119.249.100.174:31444] AH01114: HTTP: failed to make connection to backend: 127.0.0.1
[Fri Dec 05 10:57:41.538080 2025] [proxy:error] [pid 25621:tid 25621] (111)Connection refused: AH00957: http: attempt to connect to 127.0.0.1:2079 (127.0.0.1:2079) failed
[Fri Dec 05 10:57:41.538143 2025] [proxy_http:error] [pid 25621:tid 25621] [client 119.249.100.174:55996] AH01114: HTTP: failed to make connection to backend: 127.0.0.1
[Fri Dec 05 10:57:41.538238 2025] [proxy:error] [pid 25621:tid 25621] (111)Connection refused: AH00957: http: attempt to connect to 127.0.0.1:2079 (127.0.0.1:2079) failed
[Fri Dec 05 10:57:41.538243 2025] [proxy_http:error] [pid 25621:tid 25621] [client 119.249.100.174:55996] AH01114: HTTP: failed to make connection to backend: 127.0.0.1
[Fri Dec 05 10:57:42.281750 2025] [proxy:error] [pid 13082:tid 13082] (111)Connection refused: AH00957: http: attempt to connect to 127.0.0.1:2079 (127.0.0.1:2079) failed
[Fri Dec 05 10:57:42.281820 2025] [proxy_http:error] [pid 13082:tid 13082] [client 119.249.100.114:17227] AH01114: HTTP: failed to make connection to backend: 127.0.0.1
[Fri Dec 05 10:57:42.281914 2025] [proxy:error] [pid 13082:tid 13082] (111)Connection refused: AH00957: http: attempt to connect to 127.0.0.1:2079 (127.0.0.1:2079) failed
[Fri Dec 05 10:57:42.281927 2025] [proxy_http:error] [pid 13082:tid 13082] [client 119.249.100.114:17227] AH01114: HTTP: failed to make connection to backend: 127.0.0.1
[Fri Dec 05 10:57:42.984438 2025] [proxy:error] [pid 21510:tid 21510] (111)Connection refused: AH00957: http: attempt to connect to 127.0.0.1:2079 (127.0.0.1:2079) failed
[Fri Dec 05 10:57:42.984505 2025] [proxy_http:error] [pid 21510:tid 21510] [client 119.249.100.179:6105] AH01114: HTTP: failed to make connection to backend: 127.0.0.1
[Fri Dec 05 10:57:42.984600 2025] [proxy:error] [pid 21510:tid 21510] (111)Connection refused: AH00957: http: attempt to connect to 127.0.0.1:2079 (127.0.0.1:2079) failed
[Fri Dec 05 10:57:42.984606 2025] [proxy_http:error] [pid 21510:tid 21510] [client 119.249.100.179:6105] AH01114: HTTP: failed to make connection to backend: 127.0.0.1
[Fri Dec 05 10:57:45.916104 2025] [autoindex:error] [pid 23912:tid 23912] [client 10.30.9.138:57316] AH01276: Cannot serve directory /home/theforgecom/public_html/: No matching DirectoryIndex (index.php,index.php8,index.php7,index.php5,index.perl,index.pl,index.plx,index.ppl,index.cgi,index.jsp,index.jp,index.phtml,index.shtml,index.xhtml,index.html,index.htm,index.js) found, and server-generated directory index forbidden by Options directive
[Fri Dec 05 10:57:46.032430 2025] [autoindex:error] [pid 13082:tid 13082] [client 10.30.9.122:54638] AH01276: Cannot serve directory /home/theforgecom/public_html/: No matching DirectoryIndex (index.php,index.php8,index.php7,index.php5,index.perl,index.pl,index.plx,index.ppl,index.cgi,index.jsp,index.jp,index.phtml,index.shtml,index.xhtml,index.html,index.htm,index.js) found, and server-generated directory index forbidden by Options directive
[Fri Dec 05 10:57:58.556912 2025] [proxy:error] [pid 13095:tid 13095] (111)Connection refused: AH00957: http: attempt to connect to 127.0.0.1:2079 (127.0.0.1:2079) failed
[Fri Dec 05 10:57:58.556989 2025] [proxy_http:error] [pid 13095:tid 13095] [client 220.181.51.120:45824] AH01114: HTTP: failed to make connection to backend: 127.0.0.1
[Fri Dec 05 10:57:58.557088 2025] [proxy:error] [pid 13095:tid 13095] (111)Connection refused: AH00957: http: attempt to connect to 127.0.0.1:2079 (127.0.0.1:2079) failed
[Fri Dec 05 10:57:58.557093 2025] [proxy_http:error] [pid 13095:tid 13095] [client 220.181.51.120:45824] AH01114: HTTP: failed to make connection to backend: 127.0.0.1
[Fri Dec 05 10:58:15.915967 2025] [autoindex:error] [pid 21510:tid 21510] [client 10.30.9.138:50940] AH01276: Cannot serve directory /home/theforgecom/public_html/: No matching DirectoryIndex (index.php,index.php8,index.php7,index.php5,index.perl,index.pl,index.plx,index.ppl,index.cgi,index.jsp,index.jp,index.phtml,index.shtml,index.xhtml,index.html,index.htm,index.js) found, and server-generated directory index forbidden by Options directive
[Fri Dec 05 10:58:16.031414 2025] [autoindex:error] [pid 13095:tid 13095] [client 10.30.9.122:48348] AH01276: Cannot serve directory /home/theforgecom/public_html/: No matching DirectoryIndex (index.php,index.php8,index.php7,index.php5,index.perl,index.pl,index.plx,index.ppl,index.cgi,index.jsp,index.jp,index.phtml,index.shtml,index.xhtml,index.html,index.htm,index.js) found, and server-generated directory index forbidden by Options directive
[Fri Dec 05 10:58:22.904732 2025] [autoindex:error] [pid 23248:tid 23248] [client 4.241.246.30:34318] AH01276: Cannot serve directory /home/healthoyostate78/public_html/wp-admin/css/colors/: No matching DirectoryIndex (index.php,index.php8,index.php7,index.php5,index.perl,index.pl,index.plx,index.ppl,index.cgi,index.jsp,index.jp,index.phtml,index.shtml,index.xhtml,index.html,index.htm,index.js) found, and server-generated directory index forbidden by Options directive
[Fri Dec 05 10:58:30.695182 2025] [autoindex:error] [pid 23248:tid 23248] [client 4.241.246.30:34318] AH01276: Cannot serve directory /home/healthoyostate78/public_html/wp-content/upgrade/: No matching DirectoryIndex (index.php,index.php8,index.php7,index.php5,index.perl,index.pl,index.plx,index.ppl,index.cgi,index.jsp,index.jp,index.phtml,index.shtml,index.xhtml,index.html,index.htm,index.js) found, and server-generated directory index forbidden by Options directive
[Fri Dec 05 10:58:38.498704 2025] [access_compat:error] [pid 16037:tid 16037] [client 216.244.66.229:47944] AH01797: client denied by server configuration: /home/cloudw/team.cloudware.ng/src/Timesheet/index.php
[Fri Dec 05 10:58:38.499214 2025] [access_compat:error] [pid 16037:tid 16037] [client 216.244.66.229:47944] AH01797: client denied by server configuration: /home/cloudw/team.cloudware.ng/src/Timesheet/index.php5
[Fri Dec 05 10:58:43.764341 2025] [autoindex:error] [pid 13095:tid 13095] [client 4.241.246.30:34354] AH01276: Cannot serve directory /home/healthoyostate78/public_html/wp-includes/style-engine/: No matching DirectoryIndex (index.php,index.php8,index.php7,index.php5,index.perl,index.pl,index.plx,index.ppl,index.cgi,index.jsp,index.jp,index.phtml,index.shtml,index.xhtml,index.html,index.htm,index.js) found, and server-generated directory index forbidden by Options directive
[Fri Dec 05 10:58:45.916549 2025] [autoindex:error] [pid 23912:tid 23912] [client 10.30.9.138:44560] AH01276: Cannot serve directory /home/theforgecom/public_html/: No matching DirectoryIndex (index.php,index.php8,index.php7,index.php5,index.perl,index.pl,index.plx,index.ppl,index.cgi,index.jsp,index.jp,index.phtml,index.shtml,index.xhtml,index.html,index.htm,index.js) found, and server-generated directory index forbidden by Options directive
[Fri Dec 05 10:58:46.036201 2025] [autoindex:error] [pid 13265:tid 13265] [client 10.30.9.122:42010] AH01276: Cannot serve directory /home/theforgecom/public_html/: No matching DirectoryIndex (index.php,index.php8,index.php7,index.php5,index.perl,index.pl,index.plx,index.ppl,index.cgi,index.jsp,index.jp,index.phtml,index.shtml,index.xhtml,index.html,index.htm,index.js) found, and server-generated directory index forbidden by Options directive
[Fri Dec 05 10:58:58.900024 2025] [proxy_fcgi:error] [pid 13265:tid 13265] [client 169.150.203.202:35504] AH01071: Got error 'Primary script unknown'
[Fri Dec 05 10:59:15.915865 2025] [autoindex:error] [pid 13095:tid 13095] [client 10.30.9.138:38196] AH01276: Cannot serve directory /home/theforgecom/public_html/: No matching DirectoryIndex (index.php,index.php8,index.php7,index.php5,index.perl,index.pl,index.plx,index.ppl,index.cgi,index.jsp,index.jp,index.phtml,index.shtml,index.xhtml,index.html,index.htm,index.js) found, and server-generated directory index forbidden by Options directive
[Fri Dec 05 10:59:16.032285 2025] [autoindex:error] [pid 21510:tid 21510] [client 10.30.9.122:35716] AH01276: Cannot serve directory /home/theforgecom/public_html/: No matching DirectoryIndex (index.php,index.php8,index.php7,index.php5,index.perl,index.pl,index.plx,index.ppl,index.cgi,index.jsp,index.jp,index.phtml,index.shtml,index.xhtml,index.html,index.htm,index.js) found, and server-generated directory index forbidden by Options directive
[Fri Dec 05 10:59:21.620966 2025] [rewrite:warn] [pid 13082:tid 13082] AH00665: RewriteCond: NoCase option for non-regex pattern '-f' is not supported and will be ignored. (/home/oysipaoygov/public_html/.htaccess:13)
[Fri Dec 05 10:59:32.818317 2025] [access_compat:error] [pid 23248:tid 23248] [client 217.113.194.131:11129] AH01797: client denied by server configuration: /home/cloudw/team.cloudware.ng/var/cache/prod/pools/2wJoJAFabM/0/+/index.php
[Fri Dec 05 10:59:32.818918 2025] [access_compat:error] [pid 23248:tid 23248] [client 217.113.194.131:11129] AH01797: client denied by server configuration: /home/cloudw/team.cloudware.ng/var/cache/prod/pools/2wJoJAFabM/0/+/index.php5
[Fri Dec 05 10:59:45.915847 2025] [autoindex:error] [pid 25621:tid 25621] [client 10.30.9.138:60052] AH01276: Cannot serve directory /home/theforgecom/public_html/: No matching DirectoryIndex (index.php,index.php8,index.php7,index.php5,index.perl,index.pl,index.plx,index.ppl,index.cgi,index.jsp,index.jp,index.phtml,index.shtml,index.xhtml,index.html,index.htm,index.js) found, and server-generated directory index forbidden by Options directive
[Fri Dec 05 10:59:46.041223 2025] [autoindex:error] [pid 23912:tid 23912] [client 10.30.9.122:57654] AH01276: Cannot serve directory /home/theforgecom/public_html/: No matching DirectoryIndex (index.php,index.php8,index.php7,index.php5,index.perl,index.pl,index.plx,index.ppl,index.cgi,index.jsp,index.jp,index.phtml,index.shtml,index.xhtml,index.html,index.htm,index.js) found, and server-generated directory index forbidden by Options directive
[Fri Dec 05 11:00:15.916903 2025] [autoindex:error] [pid 12987:tid 12987] [client 10.30.9.138:53682] AH01276: Cannot serve directory /home/theforgecom/public_html/: No matching DirectoryIndex (index.php,index.php8,index.php7,index.php5,index.perl,index.pl,index.plx,index.ppl,index.cgi,index.jsp,index.jp,index.phtml,index.shtml,index.xhtml,index.html,index.htm,index.js) found, and server-generated directory index forbidden by Options directive
[Fri Dec 05 11:00:16.031257 2025] [autoindex:error] [pid 23248:tid 23248] [client 10.30.9.122:51318] AH01276: Cannot serve directory /home/theforgecom/public_html/: No matching DirectoryIndex (index.php,index.php8,index.php7,index.php5,index.perl,index.pl,index.plx,index.ppl,index.cgi,index.jsp,index.jp,index.phtml,index.shtml,index.xhtml,index.html,index.htm,index.js) found, and server-generated directory index forbidden by Options directive
[Fri Dec 05 11:00:28.054314 2025] [cgi:error] [pid 13265:tid 13265] [client 143.198.37.36:48552] AH02811: stderr from /usr/local/cpanel/cgi-sys/favicon.ico: script not found or unable to stat, referer: https://www.ticketbooking.staging.cloudware.ng/cgi-sys/suspendedpage.cgi
[Fri Dec 05 11:00:45.916539 2025] [autoindex:error] [pid 12987:tid 12987] [client 10.30.9.138:47308] AH01276: Cannot serve directory /home/theforgecom/public_html/: No matching DirectoryIndex (index.php,index.php8,index.php7,index.php5,index.perl,index.pl,index.plx,index.ppl,index.cgi,index.jsp,index.jp,index.phtml,index.shtml,index.xhtml,index.html,index.htm,index.js) found, and server-generated directory index forbidden by Options directive
[Fri Dec 05 11:00:46.031210 2025] [autoindex:error] [pid 25621:tid 25621] [client 10.30.9.122:45005] AH01276: Cannot serve directory /home/theforgecom/public_html/: No matching DirectoryIndex (index.php,index.php8,index.php7,index.php5,index.perl,index.pl,index.plx,index.ppl,index.cgi,index.jsp,index.jp,index.phtml,index.shtml,index.xhtml,index.html,index.htm,index.js) found, and server-generated directory index forbidden by Options directive
[Fri Dec 05 11:00:46.271641 2025] [proxy_fcgi:error] [pid 12987:tid 12987] [client 194.180.49.172:46272] AH01071: Got error 'Primary script unknown'
[Fri Dec 05 11:00:47.100119 2025] [proxy_fcgi:error] [pid 25621:tid 25621] [client 194.180.49.172:46288] AH01071: Got error 'Primary script unknown'
[Fri Dec 05 11:00:47.672009 2025] [autoindex:error] [pid 13275:tid 13275] [client 216.244.66.226:54334] AH01276: Cannot serve directory /home/theforgecom/public_html/theforgeapp/css/ckeditor/plugins/about/dialogs/: No matching DirectoryIndex (index.php,index.php8,index.php7,index.php5,index.perl,index.pl,index.plx,index.ppl,index.cgi,index.jsp,index.jp,index.phtml,index.shtml,index.xhtml,index.html,index.htm,index.js) found, and server-generated directory index forbidden by Options directive
[Fri Dec 05 11:01:03.874699 2025] [proxy_fcgi:error] [pid 21510:tid 21510] [client 194.180.49.172:12400] AH01071: Got error 'Primary script unknown'
[Fri Dec 05 11:01:04.368138 2025] [proxy_fcgi:error] [pid 13082:tid 13082] [client 194.180.49.172:12416] AH01071: Got error 'Primary script unknown'
[Fri Dec 05 11:01:04.891122 2025] [proxy_fcgi:error] [pid 13095:tid 13095] [client 194.180.49.172:12430] AH01071: Got error 'Primary script unknown'
[Fri Dec 05 11:01:12.883857 2025] [access_compat:error] [pid 13082:tid 13082] [client 43.166.1.243:53142] AH01797: client denied by server configuration: /home/cloudw/public_html/trainings/index.php
[Fri Dec 05 11:01:12.884043 2025] [access_compat:error] [pid 13082:tid 13082] [client 43.166.1.243:53142] AH01797: client denied by server configuration: /home/cloudw/public_html/trainings/index.php8
[Fri Dec 05 11:01:12.884207 2025] [access_compat:error] [pid 13082:tid 13082] [client 43.166.1.243:53142] AH01797: client denied by server configuration: /home/cloudw/public_html/trainings/index.php7
[Fri Dec 05 11:01:12.884363 2025] [access_compat:error] [pid 13082:tid 13082] [client 43.166.1.243:53142] AH01797: client denied by server configuration: /home/cloudw/public_html/trainings/index.php5
[Fri Dec 05 11:01:12.884601 2025] [access_compat:error] [pid 13082:tid 13082] [client 43.166.1.243:53142] AH01797: client denied by server configuration: /home/cloudw/public_html/trainings/index.phtml
[Fri Dec 05 11:01:12.884931 2025] [access_compat:error] [pid 13082:tid 13082] [client 43.166.1.243:53142] AH01797: client denied by server configuration: /home/cloudw/public_html/trainings/index.php
[Fri Dec 05 11:01:15.915683 2025] [autoindex:error] [pid 21510:tid 21510] [client 10.30.9.138:40936] AH01276: Cannot serve directory /home/theforgecom/public_html/: No matching DirectoryIndex (index.php,index.php8,index.php7,index.php5,index.perl,index.pl,index.plx,index.ppl,index.cgi,index.jsp,index.jp,index.phtml,index.shtml,index.xhtml,index.html,index.htm,index.js) found, and server-generated directory index forbidden by Options directive
[Fri Dec 05 11:01:16.032043 2025] [autoindex:error] [pid 13095:tid 13095] [client 10.30.9.122:38692] AH01276: Cannot serve directory /home/theforgecom/public_html/: No matching DirectoryIndex (index.php,index.php8,index.php7,index.php5,index.perl,index.pl,index.plx,index.ppl,index.cgi,index.jsp,index.jp,index.phtml,index.shtml,index.xhtml,index.html,index.htm,index.js) found, and server-generated directory index forbidden by Options directive
[Fri Dec 05 11:01:42.201279 2025] [autoindex:error] [pid 13275:tid 13275] [client 216.244.66.226:43206] AH01276: Cannot serve directory /home/theforgecom/public_html/uploads/fraising/ebolarin@kaizan.com.ng/Kaizan Nigeria Limited/Seed Fund Raising/due_diligence/regulations/: No matching DirectoryIndex (index.php,index.php8,index.php7,index.php5,index.perl,index.pl,index.plx,index.ppl,index.cgi,index.jsp,index.jp,index.phtml,index.shtml,index.xhtml,index.html,index.htm,index.js) found, and server-generated directory index forbidden by Options directive
[Fri Dec 05 11:01:45.915664 2025] [autoindex:error] [pid 27329:tid 27329] [client 10.30.9.138:34568] AH01276: Cannot serve directory /home/theforgecom/public_html/: No matching DirectoryIndex (index.php,index.php8,index.php7,index.php5,index.perl,index.pl,index.plx,index.ppl,index.cgi,index.jsp,index.jp,index.phtml,index.shtml,index.xhtml,index.html,index.htm,index.js) found, and server-generated directory index forbidden by Options directive
[Fri Dec 05 11:01:46.031446 2025] [autoindex:error] [pid 16037:tid 16037] [client 10.30.9.122:60576] AH01276: Cannot serve directory /home/theforgecom/public_html/: No matching DirectoryIndex (index.php,index.php8,index.php7,index.php5,index.perl,index.pl,index.plx,index.ppl,index.cgi,index.jsp,index.jp,index.phtml,index.shtml,index.xhtml,index.html,index.htm,index.js) found, and server-generated directory index forbidden by Options directive
[Fri Dec 05 11:01:56.285809 2025] [security2:error] [pid 12987:tid 12987] [client 162.243.34.222:44620] ModSecurity: Access denied with code 406 (phase 2). Pattern match "Mozilla/(4|5)\\\\.0$" at REQUEST_HEADERS:User-Agent. [file "/etc/apache2/conf.d/modsec2.liquidweb.conf"] [line "104"] [id "2000064"] [hostname "173.199.190.173"] [uri "/upl.php"] [unique_id "aTKtlNI_SX39aH_ni1QInQAAAAk"]
[Fri Dec 05 11:01:56.342334 2025] [security2:error] [pid 23248:tid 23248] [client 162.243.34.222:44632] ModSecurity: Access denied with code 406 (phase 2). Pattern match "Mozilla/(4|5)\\\\.0$" at REQUEST_HEADERS:User-Agent. [file "/etc/apache2/conf.d/modsec2.liquidweb.conf"] [line "104"] [id "2000064"] [hostname "173.199.190.173"] [uri "/t4"] [unique_id "aTKtlKtWHrexCOkoo1RRcQAAAAs"]
[Fri Dec 05 11:02:09.767767 2025] [autoindex:error] [pid 23912:tid 23912] [client 216.244.66.226:37212] AH01276: Cannot serve directory /home/theforgecom/public_html/uploads/personal_info/otenkungmalaki@gmail.com/idImage/: No matching DirectoryIndex (index.php,index.php8,index.php7,index.php5,index.perl,index.pl,index.plx,index.ppl,index.cgi,index.jsp,index.jp,index.phtml,index.shtml,index.xhtml,index.html,index.htm,index.js) found, and server-generated directory index forbidden by Options directive
[Fri Dec 05 11:02:15.915627 2025] [autoindex:error] [pid 27329:tid 27329] [client 10.30.9.138:56420] AH01276: Cannot serve directory /home/theforgecom/public_html/: No matching DirectoryIndex (index.php,index.php8,index.php7,index.php5,index.perl,index.pl,index.plx,index.ppl,index.cgi,index.jsp,index.jp,index.phtml,index.shtml,index.xhtml,index.html,index.htm,index.js) found, and server-generated directory index forbidden by Options directive
[Fri Dec 05 11:02:16.031170 2025] [autoindex:error] [pid 13265:tid 13265] [client 10.30.9.122:54248] AH01276: Cannot serve directory /home/theforgecom/public_html/: No matching DirectoryIndex (index.php,index.php8,index.php7,index.php5,index.perl,index.pl,index.plx,index.ppl,index.cgi,index.jsp,index.jp,index.phtml,index.shtml,index.xhtml,index.html,index.htm,index.js) found, and server-generated directory index forbidden by Options directive
[Fri Dec 05 11:02:24.700693 2025] [ssl:error] [pid 25621:tid 25621] [client 18.235.110.182:32888] AH02032: Hostname agradio.ng (default host as no SNI was provided) and hostname cpcalendars.peertopeer.staging.cloudware.ng provided via HTTP have no compatible SSL setup
[Fri Dec 05 11:02:27.120367 2025] [access_compat:error] [pid 13265:tid 13265] [client 217.113.194.127:26791] AH01797: client denied by server configuration: /home/cloudw/team.cloudware.ng/var/cache/prod/pools/2wJoJAFabM/0/Q/index.php
[Fri Dec 05 11:02:27.120953 2025] [access_compat:error] [pid 13265:tid 13265] [client 217.113.194.127:26791] AH01797: client denied by server configuration: /home/cloudw/team.cloudware.ng/var/cache/prod/pools/2wJoJAFabM/0/Q/index.php5
[Fri Dec 05 11:02:34.205924 2025] [ssl:error] [pid 25621:tid 25621] [client 18.235.110.182:20925] AH02032: Hostname agradio.ng (default host as no SNI was provided) and hostname whm.earlywarning.cloudsms.com.ng provided via HTTP have no compatible SSL setup
[Fri Dec 05 11:02:40.758257 2025] [security2:error] [pid 16037:tid 16037] [client 103.77.107.199:55667] ModSecurity: Access denied with code 401 (phase 2). Operator EQ matched 0 at REQUEST_HEADERS. [file "/etc/apache2/conf.d/modsec2.liquidweb.conf"] [line "534"] [id "5000130"] [msg "wp-login request blocked, no referer"] [hostname "health.oyostate.gov.ng"] [uri "/wp-login.php"] [unique_id "aTKtwB7LAjMnQ1jFmj7wpwAAAAc"]
[Fri Dec 05 11:02:45.916114 2025] [autoindex:error] [pid 12987:tid 12987] [client 10.30.9.138:50048] AH01276: Cannot serve directory /home/theforgecom/public_html/: No matching DirectoryIndex (index.php,index.php8,index.php7,index.php5,index.perl,index.pl,index.plx,index.ppl,index.cgi,index.jsp,index.jp,index.phtml,index.shtml,index.xhtml,index.html,index.htm,index.js) found, and server-generated directory index forbidden by Options directive
[Fri Dec 05 11:02:46.031179 2025] [autoindex:error] [pid 27329:tid 27329] [client 10.30.9.122:47956] AH01276: Cannot serve directory /home/theforgecom/public_html/: No matching DirectoryIndex (index.php,index.php8,index.php7,index.php5,index.perl,index.pl,index.plx,index.ppl,index.cgi,index.jsp,index.jp,index.phtml,index.shtml,index.xhtml,index.html,index.htm,index.js) found, and server-generated directory index forbidden by Options directive
[Fri Dec 05 11:03:13.228554 2025] [autoindex:error] [pid 23248:tid 23248] [client 216.244.66.226:55310] AH01276: Cannot serve directory /home/theforgecom/public_html/js/lib/google-maps/: No matching DirectoryIndex (index.php,index.php8,index.php7,index.php5,index.perl,index.pl,index.plx,index.ppl,index.cgi,index.jsp,index.jp,index.phtml,index.shtml,index.xhtml,index.html,index.htm,index.js) found, and server-generated directory index forbidden by Options directive
[Fri Dec 05 11:03:15.915591 2025] [autoindex:error] [pid 13275:tid 13275] [client 10.30.9.138:43674] AH01276: Cannot serve directory /home/theforgecom/public_html/: No matching DirectoryIndex (index.php,index.php8,index.php7,index.php5,index.perl,index.pl,index.plx,index.ppl,index.cgi,index.jsp,index.jp,index.phtml,index.shtml,index.xhtml,index.html,index.htm,index.js) found, and server-generated directory index forbidden by Options directive
[Fri Dec 05 11:03:16.030991 2025] [autoindex:error] [pid 27329:tid 27329] [client 10.30.9.122:41622] AH01276: Cannot serve directory /home/theforgecom/public_html/: No matching DirectoryIndex (index.php,index.php8,index.php7,index.php5,index.perl,index.pl,index.plx,index.ppl,index.cgi,index.jsp,index.jp,index.phtml,index.shtml,index.xhtml,index.html,index.htm,index.js) found, and server-generated directory index forbidden by Options directive
[Fri Dec 05 11:03:45.915466 2025] [autoindex:error] [pid 21510:tid 21510] [client 10.30.9.138:37310] AH01276: Cannot serve directory /home/theforgecom/public_html/: No matching DirectoryIndex (index.php,index.php8,index.php7,index.php5,index.perl,index.pl,index.plx,index.ppl,index.cgi,index.jsp,index.jp,index.phtml,index.shtml,index.xhtml,index.html,index.htm,index.js) found, and server-generated directory index forbidden by Options directive
[Fri Dec 05 11:03:46.030852 2025] [autoindex:error] [pid 23912:tid 23912] [client 10.30.9.122:35314] AH01276: Cannot serve directory /home/theforgecom/public_html/: No matching DirectoryIndex (index.php,index.php8,index.php7,index.php5,index.perl,index.pl,index.plx,index.ppl,index.cgi,index.jsp,index.jp,index.phtml,index.shtml,index.xhtml,index.html,index.htm,index.js) found, and server-generated directory index forbidden by Options directive
[Fri Dec 05 11:04:14.855646 2025] [access_compat:error] [pid 25621:tid 25621] [client 107.189.30.236:56324] AH01797: client denied by server configuration: /home/cloudw/public_html/xmlrpc.php, referer: https://www.google.com/
[Fri Dec 05 11:04:15.916180 2025] [autoindex:error] [pid 23248:tid 23248] [client 10.30.9.138:59164] AH01276: Cannot serve directory /home/theforgecom/public_html/: No matching DirectoryIndex (index.php,index.php8,index.php7,index.php5,index.perl,index.pl,index.plx,index.ppl,index.cgi,index.jsp,index.jp,index.phtml,index.shtml,index.xhtml,index.html,index.htm,index.js) found, and server-generated directory index forbidden by Options directive
[Fri Dec 05 11:04:16.030756 2025] [autoindex:error] [pid 13265:tid 13265] [client 10.30.9.122:57238] AH01276: Cannot serve directory /home/theforgecom/public_html/: No matching DirectoryIndex (index.php,index.php8,index.php7,index.php5,index.perl,index.pl,index.plx,index.ppl,index.cgi,index.jsp,index.jp,index.phtml,index.shtml,index.xhtml,index.html,index.htm,index.js) found, and server-generated directory index forbidden by Options directive
[Fri Dec 05 11:04:16.273559 2025] [access_compat:error] [pid 27329:tid 27329] [client 62.133.60.208:35044] AH01797: client denied by server configuration: /home/cloudw/public_html/xmlrpc.php, referer: https://www.google.com/
[Fri Dec 05 11:04:28.887408 2025] [autoindex:error] [pid 28609:tid 28609] [client 216.244.66.226:55088] AH01276: Cannot serve directory /home/theforgecom/public_html/theforgeapp/uploads/fraising/a@567/thirty/test_to_adjust/due_diligence/leases/: No matching DirectoryIndex (index.php,index.php8,index.php7,index.php5,index.perl,index.pl,index.plx,index.ppl,index.cgi,index.jsp,index.jp,index.phtml,index.shtml,index.xhtml,index.html,index.htm,index.js) found, and server-generated directory index forbidden by Options directive
[Fri Dec 05 11:04:45.915063 2025] [autoindex:error] [pid 13265:tid 13265] [client 10.30.9.138:52800] AH01276: Cannot serve directory /home/theforgecom/public_html/: No matching DirectoryIndex (index.php,index.php8,index.php7,index.php5,index.perl,index.pl,index.plx,index.ppl,index.cgi,index.jsp,index.jp,index.phtml,index.shtml,index.xhtml,index.html,index.htm,index.js) found, and server-generated directory index forbidden by Options directive
[Fri Dec 05 11:04:46.031035 2025] [autoindex:error] [pid 28609:tid 28609] [client 10.30.9.122:50944] AH01276: Cannot serve directory /home/theforgecom/public_html/: No matching DirectoryIndex (index.php,index.php8,index.php7,index.php5,index.perl,index.pl,index.plx,index.ppl,index.cgi,index.jsp,index.jp,index.phtml,index.shtml,index.xhtml,index.html,index.htm,index.js) found, and server-generated directory index forbidden by Options directive
[Fri Dec 05 11:04:53.840127 2025] [security2:error] [pid 13265:tid 13265] [client 206.189.141.26:62934] ModSecurity: Access denied with code 401 (phase 2). Operator EQ matched 0 at REQUEST_HEADERS. [file "/etc/apache2/conf.d/modsec2.liquidweb.conf"] [line "534"] [id "5000130"] [msg "wp-login request blocked, no referer"] [hostname "health.oyostate.gov.ng"] [uri "/wp-login.php"] [unique_id "aTKuRcEMdbWLZhI80TPKOAAAAAQ"]
[Fri Dec 05 11:04:59.166760 2025] [autoindex:error] [pid 21510:tid 21510] [client 216.244.66.226:49240] AH01276: Cannot serve directory /home/theforgecom/public_html/theforgeapp/uploads/fraising/ebolarin@kaizan.com.ng/Kaizan Nigeria Limited/Seed Fund Raising/due_diligence/recent corporate transaction/: No matching DirectoryIndex (index.php,index.php8,index.php7,index.php5,index.perl,index.pl,index.plx,index.ppl,index.cgi,index.jsp,index.jp,index.phtml,index.shtml,index.xhtml,index.html,index.htm,index.js) found, and server-generated directory index forbidden by Options directive
[Fri Dec 05 11:05:15.915155 2025] [autoindex:error] [pid 13275:tid 13275] [client 10.30.9.138:46428] AH01276: Cannot serve directory /home/theforgecom/public_html/: No matching DirectoryIndex (index.php,index.php8,index.php7,index.php5,index.perl,index.pl,index.plx,index.ppl,index.cgi,index.jsp,index.jp,index.phtml,index.shtml,index.xhtml,index.html,index.htm,index.js) found, and server-generated directory index forbidden by Options directive
[Fri Dec 05 11:05:16.030643 2025] [autoindex:error] [pid 12987:tid 12987] [client 10.30.9.122:44642] AH01276: Cannot serve directory /home/theforgecom/public_html/: No matching DirectoryIndex (index.php,index.php8,index.php7,index.php5,index.perl,index.pl,index.plx,index.ppl,index.cgi,index.jsp,index.jp,index.phtml,index.shtml,index.xhtml,index.html,index.htm,index.js) found, and server-generated directory index forbidden by Options directive
[Fri Dec 05 11:05:18.902275 2025] [access_compat:error] [pid 28609:tid 28609] [client 217.113.194.124:32271] AH01797: client denied by server configuration: /home/cloudw/team.cloudware.ng/var/cache/prod/pools/2wJoJAFabM/0/M/index.php
[Fri Dec 05 11:05:18.902865 2025] [access_compat:error] [pid 28609:tid 28609] [client 217.113.194.124:32271] AH01797: client denied by server configuration: /home/cloudw/team.cloudware.ng/var/cache/prod/pools/2wJoJAFabM/0/M/index.php5
[Fri Dec 05 11:05:31.424926 2025] [security2:error] [pid 25621:tid 25621] [client 129.212.234.186:62455] ModSecurity: Access denied with code 406 (phase 2). Pattern match "/(too20|phpshell|shell)\\\\.ph(p(3|4)?|tml)" at REQUEST_URI. [file "/etc/apache2/conf.d/modsec2/rootkits.conf"] [line "45"] [id "3000038"] [hostname "health.oyostate.gov.ng"] [uri "/shell.php"] [unique_id "aTKua-PhmCGOFctzI9FexAAAAAM"], referer: www.google.com
[Fri Dec 05 11:05:33.755495 2025] [security2:error] [pid 13275:tid 13275] [client 129.212.234.186:59145] ModSecurity: Access denied with code 406 (phase 2). Pattern match "/(too20|phpshell|shell)\\\\.ph(p(3|4)?|tml)" at REQUEST_URI. [file "/etc/apache2/conf.d/modsec2/rootkits.conf"] [line "45"] [id "3000038"] [hostname "health.oyostate.gov.ng"] [uri "/shell.php"] [unique_id "aTKubeLtvNoaH0y9XiLNdgAAAAY"], referer: www.google.com
[Fri Dec 05 11:05:45.915803 2025] [autoindex:error] [pid 28609:tid 28609] [client 10.30.9.138:40062] AH01276: Cannot serve directory /home/theforgecom/public_html/: No matching DirectoryIndex (index.php,index.php8,index.php7,index.php5,index.perl,index.pl,index.plx,index.ppl,index.cgi,index.jsp,index.jp,index.phtml,index.shtml,index.xhtml,index.html,index.htm,index.js) found, and server-generated directory index forbidden by Options directive
[Fri Dec 05 11:05:46.035819 2025] [autoindex:error] [pid 27329:tid 27329] [client 10.30.9.122:38338] AH01276: Cannot serve directory /home/theforgecom/public_html/: No matching DirectoryIndex (index.php,index.php8,index.php7,index.php5,index.perl,index.pl,index.plx,index.ppl,index.cgi,index.jsp,index.jp,index.phtml,index.shtml,index.xhtml,index.html,index.htm,index.js) found, and server-generated directory index forbidden by Options directive
[Fri Dec 05 11:05:59.837238 2025] [autoindex:error] [pid 13265:tid 13265] [client 216.244.66.226:34048] AH01276: Cannot serve directory /home/theforgecom/public_html/uploads/companies_logo/cdfv/: No matching DirectoryIndex (index.php,index.php8,index.php7,index.php5,index.perl,index.pl,index.plx,index.ppl,index.cgi,index.jsp,index.jp,index.phtml,index.shtml,index.xhtml,index.html,index.htm,index.js) found, and server-generated directory index forbidden by Options directive
[Fri Dec 05 11:06:15.914953 2025] [autoindex:error] [pid 25621:tid 25621] [client 10.30.9.138:33684] AH01276: Cannot serve directory /home/theforgecom/public_html/: No matching DirectoryIndex (index.php,index.php8,index.php7,index.php5,index.perl,index.pl,index.plx,index.ppl,index.cgi,index.jsp,index.jp,index.phtml,index.shtml,index.xhtml,index.html,index.htm,index.js) found, and server-generated directory index forbidden by Options directive
[Fri Dec 05 11:06:16.031415 2025] [autoindex:error] [pid 13275:tid 13275] [client 10.30.9.122:60242] AH01276: Cannot serve directory /home/theforgecom/public_html/: No matching DirectoryIndex (index.php,index.php8,index.php7,index.php5,index.perl,index.pl,index.plx,index.ppl,index.cgi,index.jsp,index.jp,index.phtml,index.shtml,index.xhtml,index.html,index.htm,index.js) found, and server-generated directory index forbidden by Options directive
[Fri Dec 05 11:06:30.073756 2025] [autoindex:error] [pid 12987:tid 12987] [client 216.244.66.226:40466] AH01276: Cannot serve directory /home/theforgecom/public_html/uploads/personal_info/b@b/: No matching DirectoryIndex (index.php,index.php8,index.php7,index.php5,index.perl,index.pl,index.plx,index.ppl,index.cgi,index.jsp,index.jp,index.phtml,index.shtml,index.xhtml,index.html,index.htm,index.js) found, and server-generated directory index forbidden by Options directive
[Fri Dec 05 11:06:39.231595 2025] [access_compat:error] [pid 13265:tid 13265] [client 47.79.123.29:41801] AH01797: client denied by server configuration: /home/cloudw/team.cloudware.ng/vendor/symfony/framework-bundle/Tests/Functional/app/RouterDebug/index.php
[Fri Dec 05 11:06:39.232188 2025] [access_compat:error] [pid 13265:tid 13265] [client 47.79.123.29:41801] AH01797: client denied by server configuration: /home/cloudw/team.cloudware.ng/vendor/symfony/framework-bundle/Tests/Functional/app/RouterDebug/index.php5
[Fri Dec 05 11:06:45.914874 2025] [autoindex:error] [pid 28601:tid 28601] [client 10.30.9.138:55548] AH01276: Cannot serve directory /home/theforgecom/public_html/: No matching DirectoryIndex (index.php,index.php8,index.php7,index.php5,index.perl,index.pl,index.plx,index.ppl,index.cgi,index.jsp,index.jp,index.phtml,index.shtml,index.xhtml,index.html,index.htm,index.js) found, and server-generated directory index forbidden by Options directive
