[Fri Dec 05 13:33:41.660612 2025] [proxy:error] [pid 79281:tid 79281] (111)Connection refused: AH00957: http: attempt to connect to 127.0.0.1:2079 (127.0.0.1:2079) failed
[Fri Dec 05 13:33:41.660627 2025] [proxy_http:error] [pid 79281:tid 79281] [client 4.230.47.183:13768] AH01114: HTTP: failed to make connection to backend: 127.0.0.1, referer: https://www.google.com/
[Fri Dec 05 13:33:42.071330 2025] [proxy:error] [pid 63815:tid 63815] (111)Connection refused: AH00957: http: attempt to connect to 127.0.0.1:2079 (127.0.0.1:2079) failed
[Fri Dec 05 13:33:42.071373 2025] [proxy_http:error] [pid 63815:tid 63815] [client 4.230.47.183:13772] AH01114: HTTP: failed to make connection to backend: 127.0.0.1, referer: https://www.yahoo.com/
[Fri Dec 05 13:33:42.071466 2025] [proxy:error] [pid 63815:tid 63815] (111)Connection refused: AH00957: http: attempt to connect to 127.0.0.1:2079 (127.0.0.1:2079) failed
[Fri Dec 05 13:33:42.071471 2025] [proxy_http:error] [pid 63815:tid 63815] [client 4.230.47.183:13772] AH01114: HTTP: failed to make connection to backend: 127.0.0.1, referer: https://www.yahoo.com/
[Fri Dec 05 13:33:42.494555 2025] [proxy:error] [pid 77085:tid 77085] (111)Connection refused: AH00957: http: attempt to connect to 127.0.0.1:2079 (127.0.0.1:2079) failed
[Fri Dec 05 13:33:42.494609 2025] [proxy_http:error] [pid 77085:tid 77085] [client 4.230.47.183:13780] AH01114: HTTP: failed to make connection to backend: 127.0.0.1, referer: https://www.yahoo.com/
[Fri Dec 05 13:33:42.494722 2025] [proxy:error] [pid 77085:tid 77085] (111)Connection refused: AH00957: http: attempt to connect to 127.0.0.1:2079 (127.0.0.1:2079) failed
[Fri Dec 05 13:33:42.494728 2025] [proxy_http:error] [pid 77085:tid 77085] [client 4.230.47.183:13780] AH01114: HTTP: failed to make connection to backend: 127.0.0.1, referer: https://www.yahoo.com/
[Fri Dec 05 13:33:42.911334 2025] [proxy:error] [pid 78899:tid 78899] (111)Connection refused: AH00957: http: attempt to connect to 127.0.0.1:2079 (127.0.0.1:2079) failed
[Fri Dec 05 13:33:42.911377 2025] [proxy_http:error] [pid 78899:tid 78899] [client 4.230.47.183:10036] AH01114: HTTP: failed to make connection to backend: 127.0.0.1, referer: https://duckduckgo.com/
[Fri Dec 05 13:33:42.911475 2025] [proxy:error] [pid 78899:tid 78899] (111)Connection refused: AH00957: http: attempt to connect to 127.0.0.1:2079 (127.0.0.1:2079) failed
[Fri Dec 05 13:33:42.911480 2025] [proxy_http:error] [pid 78899:tid 78899] [client 4.230.47.183:10036] AH01114: HTTP: failed to make connection to backend: 127.0.0.1, referer: https://duckduckgo.com/
[Fri Dec 05 13:33:43.322551 2025] [proxy:error] [pid 68816:tid 68816] (111)Connection refused: AH00957: http: attempt to connect to 127.0.0.1:2079 (127.0.0.1:2079) failed
[Fri Dec 05 13:33:43.322583 2025] [proxy_http:error] [pid 68816:tid 68816] [client 4.230.47.183:10037] AH01114: HTTP: failed to make connection to backend: 127.0.0.1, referer: https://www.google.com/
[Fri Dec 05 13:33:43.322700 2025] [proxy:error] [pid 68816:tid 68816] (111)Connection refused: AH00957: http: attempt to connect to 127.0.0.1:2079 (127.0.0.1:2079) failed
[Fri Dec 05 13:33:43.322706 2025] [proxy_http:error] [pid 68816:tid 68816] [client 4.230.47.183:10037] AH01114: HTTP: failed to make connection to backend: 127.0.0.1, referer: https://www.google.com/
[Fri Dec 05 13:33:43.687584 2025] [proxy:error] [pid 79281:tid 79281] (111)Connection refused: AH00957: http: attempt to connect to 127.0.0.1:2079 (127.0.0.1:2079) failed
[Fri Dec 05 13:33:43.687615 2025] [proxy_http:error] [pid 79281:tid 79281] [client 4.230.47.183:10040] AH01114: HTTP: failed to make connection to backend: 127.0.0.1, referer: https://www.google.com/
[Fri Dec 05 13:33:43.687725 2025] [proxy:error] [pid 79281:tid 79281] (111)Connection refused: AH00957: http: attempt to connect to 127.0.0.1:2079 (127.0.0.1:2079) failed
[Fri Dec 05 13:33:43.687731 2025] [proxy_http:error] [pid 79281:tid 79281] [client 4.230.47.183:10040] AH01114: HTTP: failed to make connection to backend: 127.0.0.1, referer: https://www.google.com/
[Fri Dec 05 13:33:44.102163 2025] [proxy:error] [pid 77085:tid 77085] (111)Connection refused: AH00957: http: attempt to connect to 127.0.0.1:2079 (127.0.0.1:2079) failed
[Fri Dec 05 13:33:44.102238 2025] [proxy_http:error] [pid 77085:tid 77085] [client 4.230.47.183:10044] AH01114: HTTP: failed to make connection to backend: 127.0.0.1, referer: https://www.bing.com/
[Fri Dec 05 13:33:44.102346 2025] [proxy:error] [pid 77085:tid 77085] (111)Connection refused: AH00957: http: attempt to connect to 127.0.0.1:2079 (127.0.0.1:2079) failed
[Fri Dec 05 13:33:44.102352 2025] [proxy_http:error] [pid 77085:tid 77085] [client 4.230.47.183:10044] AH01114: HTTP: failed to make connection to backend: 127.0.0.1, referer: https://www.bing.com/
[Fri Dec 05 13:33:44.471838 2025] [proxy:error] [pid 75661:tid 75661] (111)Connection refused: AH00957: http: attempt to connect to 127.0.0.1:2079 (127.0.0.1:2079) failed
[Fri Dec 05 13:33:44.471878 2025] [proxy_http:error] [pid 75661:tid 75661] [client 4.230.47.183:11147] AH01114: HTTP: failed to make connection to backend: 127.0.0.1, referer: https://www.yahoo.com/
[Fri Dec 05 13:33:44.471974 2025] [proxy:error] [pid 75661:tid 75661] (111)Connection refused: AH00957: http: attempt to connect to 127.0.0.1:2079 (127.0.0.1:2079) failed
[Fri Dec 05 13:33:44.471979 2025] [proxy_http:error] [pid 75661:tid 75661] [client 4.230.47.183:11147] AH01114: HTTP: failed to make connection to backend: 127.0.0.1, referer: https://www.yahoo.com/
[Fri Dec 05 13:33:44.865538 2025] [proxy:error] [pid 77092:tid 77092] (111)Connection refused: AH00957: http: attempt to connect to 127.0.0.1:2079 (127.0.0.1:2079) failed
[Fri Dec 05 13:33:44.865582 2025] [proxy_http:error] [pid 77092:tid 77092] [client 4.230.47.183:9229] AH01114: HTTP: failed to make connection to backend: 127.0.0.1, referer: https://www.google.fr/
[Fri Dec 05 13:33:44.865693 2025] [proxy:error] [pid 77092:tid 77092] (111)Connection refused: AH00957: http: attempt to connect to 127.0.0.1:2079 (127.0.0.1:2079) failed
[Fri Dec 05 13:33:44.865700 2025] [proxy_http:error] [pid 77092:tid 77092] [client 4.230.47.183:9229] AH01114: HTTP: failed to make connection to backend: 127.0.0.1, referer: https://www.google.fr/
[Fri Dec 05 13:33:45.273268 2025] [proxy:error] [pid 63815:tid 63815] (111)Connection refused: AH00957: http: attempt to connect to 127.0.0.1:2079 (127.0.0.1:2079) failed
[Fri Dec 05 13:33:45.273304 2025] [proxy_http:error] [pid 63815:tid 63815] [client 4.230.47.183:11155] AH01114: HTTP: failed to make connection to backend: 127.0.0.1, referer: https://www.bing.com/
[Fri Dec 05 13:33:45.273403 2025] [proxy:error] [pid 63815:tid 63815] (111)Connection refused: AH00957: http: attempt to connect to 127.0.0.1:2079 (127.0.0.1:2079) failed
[Fri Dec 05 13:33:45.273408 2025] [proxy_http:error] [pid 63815:tid 63815] [client 4.230.47.183:11155] AH01114: HTTP: failed to make connection to backend: 127.0.0.1, referer: https://www.bing.com/
[Fri Dec 05 13:33:45.669855 2025] [proxy:error] [pid 75391:tid 75391] (111)Connection refused: AH00957: http: attempt to connect to 127.0.0.1:2079 (127.0.0.1:2079) failed
[Fri Dec 05 13:33:45.669907 2025] [proxy_http:error] [pid 75391:tid 75391] [client 4.230.47.183:9232] AH01114: HTTP: failed to make connection to backend: 127.0.0.1, referer: https://www.google.de/
[Fri Dec 05 13:33:45.670014 2025] [proxy:error] [pid 75391:tid 75391] (111)Connection refused: AH00957: http: attempt to connect to 127.0.0.1:2079 (127.0.0.1:2079) failed
[Fri Dec 05 13:33:45.670019 2025] [proxy_http:error] [pid 75391:tid 75391] [client 4.230.47.183:9232] AH01114: HTTP: failed to make connection to backend: 127.0.0.1, referer: https://www.google.de/
[Fri Dec 05 13:33:45.897643 2025] [autoindex:error] [pid 77085:tid 77085] [client 10.30.9.138:39964] AH01276: Cannot serve directory /home/theforgecom/public_html/: No matching DirectoryIndex (index.php,index.php8,index.php7,index.php5,index.perl,index.pl,index.plx,index.ppl,index.cgi,index.jsp,index.jp,index.phtml,index.shtml,index.xhtml,index.html,index.htm,index.js) found, and server-generated directory index forbidden by Options directive
[Fri Dec 05 13:33:46.012701 2025] [autoindex:error] [pid 68816:tid 68816] [client 10.30.9.122:54782] AH01276: Cannot serve directory /home/theforgecom/public_html/: No matching DirectoryIndex (index.php,index.php8,index.php7,index.php5,index.perl,index.pl,index.plx,index.ppl,index.cgi,index.jsp,index.jp,index.phtml,index.shtml,index.xhtml,index.html,index.htm,index.js) found, and server-generated directory index forbidden by Options directive
[Fri Dec 05 13:33:46.087861 2025] [proxy:error] [pid 75681:tid 75681] (111)Connection refused: AH00957: http: attempt to connect to 127.0.0.1:2079 (127.0.0.1:2079) failed
[Fri Dec 05 13:33:46.087898 2025] [proxy_http:error] [pid 75681:tid 75681] [client 4.230.47.183:9236] AH01114: HTTP: failed to make connection to backend: 127.0.0.1, referer: https://www.google.com/
[Fri Dec 05 13:33:46.088000 2025] [proxy:error] [pid 75681:tid 75681] (111)Connection refused: AH00957: http: attempt to connect to 127.0.0.1:2079 (127.0.0.1:2079) failed
[Fri Dec 05 13:33:46.088005 2025] [proxy_http:error] [pid 75681:tid 75681] [client 4.230.47.183:9236] AH01114: HTTP: failed to make connection to backend: 127.0.0.1, referer: https://www.google.com/
[Fri Dec 05 13:33:46.504429 2025] [proxy:error] [pid 79281:tid 79281] (111)Connection refused: AH00957: http: attempt to connect to 127.0.0.1:2079 (127.0.0.1:2079) failed
[Fri Dec 05 13:33:46.504475 2025] [proxy_http:error] [pid 79281:tid 79281] [client 4.230.47.183:9243] AH01114: HTTP: failed to make connection to backend: 127.0.0.1, referer: https://www.google.de/
[Fri Dec 05 13:33:46.504578 2025] [proxy:error] [pid 79281:tid 79281] (111)Connection refused: AH00957: http: attempt to connect to 127.0.0.1:2079 (127.0.0.1:2079) failed
[Fri Dec 05 13:33:46.504583 2025] [proxy_http:error] [pid 79281:tid 79281] [client 4.230.47.183:9243] AH01114: HTTP: failed to make connection to backend: 127.0.0.1, referer: https://www.google.de/
[Fri Dec 05 13:33:46.885986 2025] [proxy:error] [pid 63815:tid 63815] (111)Connection refused: AH00957: http: attempt to connect to 127.0.0.1:2079 (127.0.0.1:2079) failed
[Fri Dec 05 13:33:46.886015 2025] [proxy_http:error] [pid 63815:tid 63815] [client 4.230.47.183:11156] AH01114: HTTP: failed to make connection to backend: 127.0.0.1, referer: https://www.google.de/
[Fri Dec 05 13:33:46.886122 2025] [proxy:error] [pid 63815:tid 63815] (111)Connection refused: AH00957: http: attempt to connect to 127.0.0.1:2079 (127.0.0.1:2079) failed
[Fri Dec 05 13:33:46.886127 2025] [proxy_http:error] [pid 63815:tid 63815] [client 4.230.47.183:11156] AH01114: HTTP: failed to make connection to backend: 127.0.0.1, referer: https://www.google.de/
[Fri Dec 05 13:33:47.314578 2025] [proxy:error] [pid 78899:tid 78899] (111)Connection refused: AH00957: http: attempt to connect to 127.0.0.1:2079 (127.0.0.1:2079) failed
[Fri Dec 05 13:33:47.314606 2025] [proxy_http:error] [pid 78899:tid 78899] [client 4.230.47.183:9251] AH01114: HTTP: failed to make connection to backend: 127.0.0.1, referer: https://duckduckgo.com/
[Fri Dec 05 13:33:47.314719 2025] [proxy:error] [pid 78899:tid 78899] (111)Connection refused: AH00957: http: attempt to connect to 127.0.0.1:2079 (127.0.0.1:2079) failed
[Fri Dec 05 13:33:47.314725 2025] [proxy_http:error] [pid 78899:tid 78899] [client 4.230.47.183:9251] AH01114: HTTP: failed to make connection to backend: 127.0.0.1, referer: https://duckduckgo.com/
[Fri Dec 05 13:33:47.680403 2025] [proxy:error] [pid 68816:tid 68816] (111)Connection refused: AH00957: http: attempt to connect to 127.0.0.1:2079 (127.0.0.1:2079) failed
[Fri Dec 05 13:33:47.680439 2025] [proxy_http:error] [pid 68816:tid 68816] [client 4.230.47.183:9252] AH01114: HTTP: failed to make connection to backend: 127.0.0.1, referer: https://www.google.fr/
[Fri Dec 05 13:33:47.680587 2025] [proxy:error] [pid 68816:tid 68816] (111)Connection refused: AH00957: http: attempt to connect to 127.0.0.1:2079 (127.0.0.1:2079) failed
[Fri Dec 05 13:33:47.680592 2025] [proxy_http:error] [pid 68816:tid 68816] [client 4.230.47.183:9252] AH01114: HTTP: failed to make connection to backend: 127.0.0.1, referer: https://www.google.fr/
[Fri Dec 05 13:33:48.113253 2025] [proxy:error] [pid 75681:tid 75681] (111)Connection refused: AH00957: http: attempt to connect to 127.0.0.1:2079 (127.0.0.1:2079) failed
[Fri Dec 05 13:33:48.113281 2025] [proxy_http:error] [pid 75681:tid 75681] [client 4.230.47.183:9255] AH01114: HTTP: failed to make connection to backend: 127.0.0.1, referer: https://www.google.co.uk/
[Fri Dec 05 13:33:48.113433 2025] [proxy:error] [pid 75681:tid 75681] (111)Connection refused: AH00957: http: attempt to connect to 127.0.0.1:2079 (127.0.0.1:2079) failed
[Fri Dec 05 13:33:48.113438 2025] [proxy_http:error] [pid 75681:tid 75681] [client 4.230.47.183:9255] AH01114: HTTP: failed to make connection to backend: 127.0.0.1, referer: https://www.google.co.uk/
[Fri Dec 05 13:33:48.544769 2025] [proxy:error] [pid 79281:tid 79281] (111)Connection refused: AH00957: http: attempt to connect to 127.0.0.1:2079 (127.0.0.1:2079) failed
[Fri Dec 05 13:33:48.544803 2025] [proxy_http:error] [pid 79281:tid 79281] [client 4.230.47.183:9262] AH01114: HTTP: failed to make connection to backend: 127.0.0.1, referer: https://www.google.co.uk/
[Fri Dec 05 13:33:48.544901 2025] [proxy:error] [pid 79281:tid 79281] (111)Connection refused: AH00957: http: attempt to connect to 127.0.0.1:2079 (127.0.0.1:2079) failed
[Fri Dec 05 13:33:48.544906 2025] [proxy_http:error] [pid 79281:tid 79281] [client 4.230.47.183:9262] AH01114: HTTP: failed to make connection to backend: 127.0.0.1, referer: https://www.google.co.uk/
[Fri Dec 05 13:33:48.948421 2025] [proxy:error] [pid 75391:tid 75391] (111)Connection refused: AH00957: http: attempt to connect to 127.0.0.1:2079 (127.0.0.1:2079) failed
[Fri Dec 05 13:33:48.948468 2025] [proxy_http:error] [pid 75391:tid 75391] [client 4.230.47.183:11161] AH01114: HTTP: failed to make connection to backend: 127.0.0.1, referer: https://duckduckgo.com/
[Fri Dec 05 13:33:48.948572 2025] [proxy:error] [pid 75391:tid 75391] (111)Connection refused: AH00957: http: attempt to connect to 127.0.0.1:2079 (127.0.0.1:2079) failed
[Fri Dec 05 13:33:48.948577 2025] [proxy_http:error] [pid 75391:tid 75391] [client 4.230.47.183:11161] AH01114: HTTP: failed to make connection to backend: 127.0.0.1, referer: https://duckduckgo.com/
[Fri Dec 05 13:33:49.363375 2025] [proxy:error] [pid 68816:tid 68816] (111)Connection refused: AH00957: http: attempt to connect to 127.0.0.1:2079 (127.0.0.1:2079) failed
[Fri Dec 05 13:33:49.363410 2025] [proxy_http:error] [pid 68816:tid 68816] [client 4.230.47.183:11168] AH01114: HTTP: failed to make connection to backend: 127.0.0.1, referer: https://www.google.fr/
[Fri Dec 05 13:33:49.363509 2025] [proxy:error] [pid 68816:tid 68816] (111)Connection refused: AH00957: http: attempt to connect to 127.0.0.1:2079 (127.0.0.1:2079) failed
[Fri Dec 05 13:33:49.363513 2025] [proxy_http:error] [pid 68816:tid 68816] [client 4.230.47.183:11168] AH01114: HTTP: failed to make connection to backend: 127.0.0.1, referer: https://www.google.fr/
[Fri Dec 05 13:33:49.797876 2025] [proxy:error] [pid 77092:tid 77092] (111)Connection refused: AH00957: http: attempt to connect to 127.0.0.1:2079 (127.0.0.1:2079) failed
[Fri Dec 05 13:33:49.797915 2025] [proxy_http:error] [pid 77092:tid 77092] [client 4.230.47.183:11176] AH01114: HTTP: failed to make connection to backend: 127.0.0.1, referer: https://www.yahoo.com/
[Fri Dec 05 13:33:49.798013 2025] [proxy:error] [pid 77092:tid 77092] (111)Connection refused: AH00957: http: attempt to connect to 127.0.0.1:2079 (127.0.0.1:2079) failed
[Fri Dec 05 13:33:49.798018 2025] [proxy_http:error] [pid 77092:tid 77092] [client 4.230.47.183:11176] AH01114: HTTP: failed to make connection to backend: 127.0.0.1, referer: https://www.yahoo.com/
[Fri Dec 05 13:33:50.200734 2025] [proxy:error] [pid 75681:tid 75681] (111)Connection refused: AH00957: http: attempt to connect to 127.0.0.1:2079 (127.0.0.1:2079) failed
[Fri Dec 05 13:33:50.200765 2025] [proxy_http:error] [pid 75681:tid 75681] [client 4.230.47.183:9265] AH01114: HTTP: failed to make connection to backend: 127.0.0.1, referer: https://www.google.de/
[Fri Dec 05 13:33:50.200876 2025] [proxy:error] [pid 75681:tid 75681] (111)Connection refused: AH00957: http: attempt to connect to 127.0.0.1:2079 (127.0.0.1:2079) failed
[Fri Dec 05 13:33:50.200881 2025] [proxy_http:error] [pid 75681:tid 75681] [client 4.230.47.183:9265] AH01114: HTTP: failed to make connection to backend: 127.0.0.1, referer: https://www.google.de/
[Fri Dec 05 13:33:50.643094 2025] [proxy:error] [pid 77085:tid 77085] (111)Connection refused: AH00957: http: attempt to connect to 127.0.0.1:2079 (127.0.0.1:2079) failed
[Fri Dec 05 13:33:50.643138 2025] [proxy_http:error] [pid 77085:tid 77085] [client 4.230.47.183:9272] AH01114: HTTP: failed to make connection to backend: 127.0.0.1, referer: https://www.google.co.uk/
[Fri Dec 05 13:33:50.643244 2025] [proxy:error] [pid 77085:tid 77085] (111)Connection refused: AH00957: http: attempt to connect to 127.0.0.1:2079 (127.0.0.1:2079) failed
[Fri Dec 05 13:33:50.643248 2025] [proxy_http:error] [pid 77085:tid 77085] [client 4.230.47.183:9272] AH01114: HTTP: failed to make connection to backend: 127.0.0.1, referer: https://www.google.co.uk/
[Fri Dec 05 13:33:51.053703 2025] [proxy:error] [pid 68816:tid 68816] (111)Connection refused: AH00957: http: attempt to connect to 127.0.0.1:2079 (127.0.0.1:2079) failed
[Fri Dec 05 13:33:51.053738 2025] [proxy_http:error] [pid 68816:tid 68816] [client 4.230.47.183:11183] AH01114: HTTP: failed to make connection to backend: 127.0.0.1, referer: https://www.yahoo.com/
[Fri Dec 05 13:33:51.053841 2025] [proxy:error] [pid 68816:tid 68816] (111)Connection refused: AH00957: http: attempt to connect to 127.0.0.1:2079 (127.0.0.1:2079) failed
[Fri Dec 05 13:33:51.053845 2025] [proxy_http:error] [pid 68816:tid 68816] [client 4.230.47.183:11183] AH01114: HTTP: failed to make connection to backend: 127.0.0.1, referer: https://www.yahoo.com/
[Fri Dec 05 13:34:01.572369 2025] [access_compat:error] [pid 68816:tid 68816] [client 15.235.98.46:49338] AH01797: client denied by server configuration: /home/cloudw/team.cloudware.ng/tests/Calendar/index.php
[Fri Dec 05 13:34:01.572892 2025] [access_compat:error] [pid 68816:tid 68816] [client 15.235.98.46:49338] AH01797: client denied by server configuration: /home/cloudw/team.cloudware.ng/tests/Calendar/index.php5
[Fri Dec 05 13:34:15.897639 2025] [autoindex:error] [pid 77092:tid 77092] [client 10.30.9.138:33558] AH01276: Cannot serve directory /home/theforgecom/public_html/: No matching DirectoryIndex (index.php,index.php8,index.php7,index.php5,index.perl,index.pl,index.plx,index.ppl,index.cgi,index.jsp,index.jp,index.phtml,index.shtml,index.xhtml,index.html,index.htm,index.js) found, and server-generated directory index forbidden by Options directive
[Fri Dec 05 13:34:16.011684 2025] [autoindex:error] [pid 75391:tid 75391] [client 10.30.9.122:48436] AH01276: Cannot serve directory /home/theforgecom/public_html/: No matching DirectoryIndex (index.php,index.php8,index.php7,index.php5,index.perl,index.pl,index.plx,index.ppl,index.cgi,index.jsp,index.jp,index.phtml,index.shtml,index.xhtml,index.html,index.htm,index.js) found, and server-generated directory index forbidden by Options directive
[Fri Dec 05 13:34:17.132153 2025] [autoindex:error] [pid 75681:tid 75681] [client 216.244.66.226:37842] AH01276: Cannot serve directory /home/theforgecom/public_html/uploads/service_brochure/cdfv/: No matching DirectoryIndex (index.php,index.php8,index.php7,index.php5,index.perl,index.pl,index.plx,index.ppl,index.cgi,index.jsp,index.jp,index.phtml,index.shtml,index.xhtml,index.html,index.htm,index.js) found, and server-generated directory index forbidden by Options directive
[Fri Dec 05 13:34:36.616528 2025] [access_compat:error] [pid 75681:tid 75681] [client 43.230.201.87:47168] AH01797: client denied by server configuration: /home/cloudw/public_html/xmlrpc.php
[Fri Dec 05 13:34:45.895774 2025] [autoindex:error] [pid 78899:tid 78899] [client 10.30.9.138:55386] AH01276: Cannot serve directory /home/theforgecom/public_html/: No matching DirectoryIndex (index.php,index.php8,index.php7,index.php5,index.perl,index.pl,index.plx,index.ppl,index.cgi,index.jsp,index.jp,index.phtml,index.shtml,index.xhtml,index.html,index.htm,index.js) found, and server-generated directory index forbidden by Options directive
[Fri Dec 05 13:34:46.011889 2025] [autoindex:error] [pid 77086:tid 77086] [client 10.30.9.122:42062] AH01276: Cannot serve directory /home/theforgecom/public_html/: No matching DirectoryIndex (index.php,index.php8,index.php7,index.php5,index.perl,index.pl,index.plx,index.ppl,index.cgi,index.jsp,index.jp,index.phtml,index.shtml,index.xhtml,index.html,index.htm,index.js) found, and server-generated directory index forbidden by Options directive
[Fri Dec 05 13:34:47.133512 2025] [autoindex:error] [pid 63815:tid 63815] [client 216.244.66.226:37670] AH01276: Cannot serve directory /home/theforgecom/public_html/css/ckeditor/plugins/clipboard/: No matching DirectoryIndex (index.php,index.php8,index.php7,index.php5,index.perl,index.pl,index.plx,index.ppl,index.cgi,index.jsp,index.jp,index.phtml,index.shtml,index.xhtml,index.html,index.htm,index.js) found, and server-generated directory index forbidden by Options directive
[Fri Dec 05 13:35:15.895637 2025] [autoindex:error] [pid 68816:tid 68816] [client 10.30.9.138:48976] AH01276: Cannot serve directory /home/theforgecom/public_html/: No matching DirectoryIndex (index.php,index.php8,index.php7,index.php5,index.perl,index.pl,index.plx,index.ppl,index.cgi,index.jsp,index.jp,index.phtml,index.shtml,index.xhtml,index.html,index.htm,index.js) found, and server-generated directory index forbidden by Options directive
[Fri Dec 05 13:35:16.012296 2025] [autoindex:error] [pid 79281:tid 79281] [client 10.30.9.122:35716] AH01276: Cannot serve directory /home/theforgecom/public_html/: No matching DirectoryIndex (index.php,index.php8,index.php7,index.php5,index.perl,index.pl,index.plx,index.ppl,index.cgi,index.jsp,index.jp,index.phtml,index.shtml,index.xhtml,index.html,index.htm,index.js) found, and server-generated directory index forbidden by Options directive
[Fri Dec 05 13:35:17.625537 2025] [autoindex:error] [pid 75661:tid 75661] [client 216.244.66.226:53708] AH01276: Cannot serve directory /home/theforgecom/public_html/theforgeapp/uploads/personal_info/d@z/: No matching DirectoryIndex (index.php,index.php8,index.php7,index.php5,index.perl,index.pl,index.plx,index.ppl,index.cgi,index.jsp,index.jp,index.phtml,index.shtml,index.xhtml,index.html,index.htm,index.js) found, and server-generated directory index forbidden by Options directive
[Fri Dec 05 13:35:31.229701 2025] [ssl:error] [pid 79281:tid 79281] [client 13.219.121.241:18857] AH02032: Hostname agradio.ng (default host as no SNI was provided) and hostname webdisk.voice.cloudsms.com.ng provided via HTTP have no compatible SSL setup
[Fri Dec 05 13:35:45.897219 2025] [autoindex:error] [pid 63815:tid 63815] [client 10.30.9.138:42564] AH01276: Cannot serve directory /home/theforgecom/public_html/: No matching DirectoryIndex (index.php,index.php8,index.php7,index.php5,index.perl,index.pl,index.plx,index.ppl,index.cgi,index.jsp,index.jp,index.phtml,index.shtml,index.xhtml,index.html,index.htm,index.js) found, and server-generated directory index forbidden by Options directive
[Fri Dec 05 13:35:46.011862 2025] [autoindex:error] [pid 75391:tid 75391] [client 10.30.9.122:57602] AH01276: Cannot serve directory /home/theforgecom/public_html/: No matching DirectoryIndex (index.php,index.php8,index.php7,index.php5,index.perl,index.pl,index.plx,index.ppl,index.cgi,index.jsp,index.jp,index.phtml,index.shtml,index.xhtml,index.html,index.htm,index.js) found, and server-generated directory index forbidden by Options directive
[Fri Dec 05 13:35:48.151397 2025] [autoindex:error] [pid 75391:tid 75391] [client 216.244.66.226:52344] AH01276: Cannot serve directory /home/theforgecom/public_html/theforgeapp/uploads/personal_info/services@a/: No matching DirectoryIndex (index.php,index.php8,index.php7,index.php5,index.perl,index.pl,index.plx,index.ppl,index.cgi,index.jsp,index.jp,index.phtml,index.shtml,index.xhtml,index.html,index.htm,index.js) found, and server-generated directory index forbidden by Options directive
[Fri Dec 05 13:36:15.897605 2025] [autoindex:error] [pid 75391:tid 75391] [client 10.30.9.138:36164] AH01276: Cannot serve directory /home/theforgecom/public_html/: No matching DirectoryIndex (index.php,index.php8,index.php7,index.php5,index.perl,index.pl,index.plx,index.ppl,index.cgi,index.jsp,index.jp,index.phtml,index.shtml,index.xhtml,index.html,index.htm,index.js) found, and server-generated directory index forbidden by Options directive
[Fri Dec 05 13:36:16.011366 2025] [autoindex:error] [pid 63815:tid 63815] [client 10.30.9.122:51272] AH01276: Cannot serve directory /home/theforgecom/public_html/: No matching DirectoryIndex (index.php,index.php8,index.php7,index.php5,index.perl,index.pl,index.plx,index.ppl,index.cgi,index.jsp,index.jp,index.phtml,index.shtml,index.xhtml,index.html,index.htm,index.js) found, and server-generated directory index forbidden by Options directive
[Fri Dec 05 13:36:18.332825 2025] [autoindex:error] [pid 78899:tid 78899] [client 216.244.66.226:38996] AH01276: Cannot serve directory /home/theforgecom/public_html/uploads/personal_info/ebolarin@kaizan.com.ng/idImage/: No matching DirectoryIndex (index.php,index.php8,index.php7,index.php5,index.perl,index.pl,index.plx,index.ppl,index.cgi,index.jsp,index.jp,index.phtml,index.shtml,index.xhtml,index.html,index.htm,index.js) found, and server-generated directory index forbidden by Options directive
[Fri Dec 05 13:36:36.952540 2025] [access_compat:error] [pid 79281:tid 79281] [client 184.168.123.167:50898] AH01797: client denied by server configuration: /home/cloudw/public_html/xmlrpc.php
[Fri Dec 05 13:36:45.895848 2025] [autoindex:error] [pid 75391:tid 75391] [client 10.30.9.138:57994] AH01276: Cannot serve directory /home/theforgecom/public_html/: No matching DirectoryIndex (index.php,index.php8,index.php7,index.php5,index.perl,index.pl,index.plx,index.ppl,index.cgi,index.jsp,index.jp,index.phtml,index.shtml,index.xhtml,index.html,index.htm,index.js) found, and server-generated directory index forbidden by Options directive
[Fri Dec 05 13:36:46.011564 2025] [autoindex:error] [pid 75665:tid 75665] [client 10.30.9.122:44937] AH01276: Cannot serve directory /home/theforgecom/public_html/: No matching DirectoryIndex (index.php,index.php8,index.php7,index.php5,index.perl,index.pl,index.plx,index.ppl,index.cgi,index.jsp,index.jp,index.phtml,index.shtml,index.xhtml,index.html,index.htm,index.js) found, and server-generated directory index forbidden by Options directive
[Fri Dec 05 13:36:48.467586 2025] [autoindex:error] [pid 75663:tid 75663] [client 216.244.66.226:36062] AH01276: Cannot serve directory /home/theforgecom/public_html/uploads/personal_info/otenkungmalaki@gmail.com/idImage/: No matching DirectoryIndex (index.php,index.php8,index.php7,index.php5,index.perl,index.pl,index.plx,index.ppl,index.cgi,index.jsp,index.jp,index.phtml,index.shtml,index.xhtml,index.html,index.htm,index.js) found, and server-generated directory index forbidden by Options directive
[Fri Dec 05 13:36:54.022310 2025] [security2:error] [pid 77086:tid 77086] [client 198.98.61.40:36036] ModSecurity: Access denied with code 401 (phase 2). Operator EQ matched 0 at REQUEST_HEADERS. [file "/etc/apache2/conf.d/modsec2.liquidweb.conf"] [line "534"] [id "5000130"] [msg "wp-login request blocked, no referer"] [hostname "health.oyostate.gov.ng"] [uri "/wp-login.php"] [unique_id "aTLR5oZMPRK7v4DrTHXG3wAAAAg"]
[Fri Dec 05 13:37:15.895610 2025] [autoindex:error] [pid 77086:tid 77086] [client 10.30.9.138:51582] AH01276: Cannot serve directory /home/theforgecom/public_html/: No matching DirectoryIndex (index.php,index.php8,index.php7,index.php5,index.perl,index.pl,index.plx,index.ppl,index.cgi,index.jsp,index.jp,index.phtml,index.shtml,index.xhtml,index.html,index.htm,index.js) found, and server-generated directory index forbidden by Options directive
[Fri Dec 05 13:37:16.019318 2025] [autoindex:error] [pid 63815:tid 63815] [client 10.30.9.122:38596] AH01276: Cannot serve directory /home/theforgecom/public_html/: No matching DirectoryIndex (index.php,index.php8,index.php7,index.php5,index.perl,index.pl,index.plx,index.ppl,index.cgi,index.jsp,index.jp,index.phtml,index.shtml,index.xhtml,index.html,index.htm,index.js) found, and server-generated directory index forbidden by Options directive
[Fri Dec 05 13:37:18.700316 2025] [autoindex:error] [pid 79281:tid 79281] [client 216.244.66.226:51858] AH01276: Cannot serve directory /home/theforgecom/public_html/uploads/personal_info/tell@me/idImage/: No matching DirectoryIndex (index.php,index.php8,index.php7,index.php5,index.perl,index.pl,index.plx,index.ppl,index.cgi,index.jsp,index.jp,index.phtml,index.shtml,index.xhtml,index.html,index.htm,index.js) found, and server-generated directory index forbidden by Options directive
[Fri Dec 05 13:37:45.895482 2025] [autoindex:error] [pid 75665:tid 75665] [client 10.30.9.138:45174] AH01276: Cannot serve directory /home/theforgecom/public_html/: No matching DirectoryIndex (index.php,index.php8,index.php7,index.php5,index.perl,index.pl,index.plx,index.ppl,index.cgi,index.jsp,index.jp,index.phtml,index.shtml,index.xhtml,index.html,index.htm,index.js) found, and server-generated directory index forbidden by Options directive
[Fri Dec 05 13:37:46.011388 2025] [autoindex:error] [pid 77092:tid 77092] [client 10.30.9.122:60470] AH01276: Cannot serve directory /home/theforgecom/public_html/: No matching DirectoryIndex (index.php,index.php8,index.php7,index.php5,index.perl,index.pl,index.plx,index.ppl,index.cgi,index.jsp,index.jp,index.phtml,index.shtml,index.xhtml,index.html,index.htm,index.js) found, and server-generated directory index forbidden by Options directive
[Fri Dec 05 13:37:48.746494 2025] [autoindex:error] [pid 75663:tid 75663] [client 216.244.66.226:47076] AH01276: Cannot serve directory /home/theforgecom/public_html/theforgeapp/uploads/personal_info/tell@me/idImage/: No matching DirectoryIndex (index.php,index.php8,index.php7,index.php5,index.perl,index.pl,index.plx,index.ppl,index.cgi,index.jsp,index.jp,index.phtml,index.shtml,index.xhtml,index.html,index.htm,index.js) found, and server-generated directory index forbidden by Options directive
[Fri Dec 05 13:37:54.820515 2025] [autoindex:error] [pid 77092:tid 77092] [client 54.156.160.91:52487] AH01276: Cannot serve directory /home/cloudsms/2way.cloudsms.com.ng/: No matching DirectoryIndex (index.php,index.php8,index.php7,index.php5,index.perl,index.pl,index.plx,index.ppl,index.cgi,index.jsp,index.jp,index.phtml,index.shtml,index.xhtml,index.html,index.htm,index.js) found, and server-generated directory index forbidden by Options directive
[Fri Dec 05 13:38:07.890576 2025] [access_compat:error] [pid 79281:tid 79281] [client 51.81.155.131:36848] AH01797: client denied by server configuration: /var/www/html/server-status
[Fri Dec 05 13:38:08.656374 2025] [proxy:error] [pid 81040:tid 81040] (70014)End of file found: [client 51.81.155.131:47032] AH01095: prefetch request body failed to /opt/cpanel/ea-php70/root/usr/var/run/php-fpm/bf2ddad2370f1490edfa1050ebfe414dbf6988fa.sock:0 (agradio.ng) from 51.81.155.131 ()
[Fri Dec 05 13:38:15.895467 2025] [autoindex:error] [pid 78899:tid 78899] [client 10.30.9.138:38766] AH01276: Cannot serve directory /home/theforgecom/public_html/: No matching DirectoryIndex (index.php,index.php8,index.php7,index.php5,index.perl,index.pl,index.plx,index.ppl,index.cgi,index.jsp,index.jp,index.phtml,index.shtml,index.xhtml,index.html,index.htm,index.js) found, and server-generated directory index forbidden by Options directive
[Fri Dec 05 13:38:16.011228 2025] [autoindex:error] [pid 77086:tid 77086] [client 10.30.9.122:54096] AH01276: Cannot serve directory /home/theforgecom/public_html/: No matching DirectoryIndex (index.php,index.php8,index.php7,index.php5,index.perl,index.pl,index.plx,index.ppl,index.cgi,index.jsp,index.jp,index.phtml,index.shtml,index.xhtml,index.html,index.htm,index.js) found, and server-generated directory index forbidden by Options directive
[Fri Dec 05 13:38:39.546806 2025] [access_compat:error] [pid 81528:tid 81528] [client 64.227.180.211:53761] AH01797: client denied by server configuration: /home/cloudw/public_html/wp-admin/css/index.php, referer: binance.com
[Fri Dec 05 13:38:39.547244 2025] [access_compat:error] [pid 81528:tid 81528] [client 64.227.180.211:53761] AH01797: client denied by server configuration: /home/cloudw/public_html/wp-admin/css/index.php8, referer: binance.com
[Fri Dec 05 13:38:39.547652 2025] [access_compat:error] [pid 81528:tid 81528] [client 64.227.180.211:53761] AH01797: client denied by server configuration: /home/cloudw/public_html/wp-admin/css/index.php7, referer: binance.com
[Fri Dec 05 13:38:39.548056 2025] [access_compat:error] [pid 81528:tid 81528] [client 64.227.180.211:53761] AH01797: client denied by server configuration: /home/cloudw/public_html/wp-admin/css/index.php5, referer: binance.com
[Fri Dec 05 13:38:39.548468 2025] [access_compat:error] [pid 81528:tid 81528] [client 64.227.180.211:53761] AH01797: client denied by server configuration: /home/cloudw/public_html/wp-admin/css/index.phtml, referer: binance.com
[Fri Dec 05 13:38:43.811834 2025] [access_compat:error] [pid 63815:tid 63815] [client 64.227.180.211:54414] AH01797: client denied by server configuration: /home/cloudw/public_html/.well-known/index.php8, referer: binance.com
[Fri Dec 05 13:38:43.812026 2025] [access_compat:error] [pid 63815:tid 63815] [client 64.227.180.211:54414] AH01797: client denied by server configuration: /home/cloudw/public_html/.well-known/index.php7, referer: binance.com
[Fri Dec 05 13:38:43.812186 2025] [access_compat:error] [pid 63815:tid 63815] [client 64.227.180.211:54414] AH01797: client denied by server configuration: /home/cloudw/public_html/.well-known/index.php5, referer: binance.com
[Fri Dec 05 13:38:43.812434 2025] [access_compat:error] [pid 63815:tid 63815] [client 64.227.180.211:54414] AH01797: client denied by server configuration: /home/cloudw/public_html/.well-known/index.phtml, referer: binance.com
[Fri Dec 05 13:38:45.895349 2025] [autoindex:error] [pid 81528:tid 81528] [client 10.30.9.138:60594] AH01276: Cannot serve directory /home/theforgecom/public_html/: No matching DirectoryIndex (index.php,index.php8,index.php7,index.php5,index.perl,index.pl,index.plx,index.ppl,index.cgi,index.jsp,index.jp,index.phtml,index.shtml,index.xhtml,index.html,index.htm,index.js) found, and server-generated directory index forbidden by Options directive
[Fri Dec 05 13:38:46.011194 2025] [autoindex:error] [pid 81529:tid 81529] [client 10.30.9.122:47744] AH01276: Cannot serve directory /home/theforgecom/public_html/: No matching DirectoryIndex (index.php,index.php8,index.php7,index.php5,index.perl,index.pl,index.plx,index.ppl,index.cgi,index.jsp,index.jp,index.phtml,index.shtml,index.xhtml,index.html,index.htm,index.js) found, and server-generated directory index forbidden by Options directive
[Fri Dec 05 13:39:08.596301 2025] [access_compat:error] [pid 68816:tid 68816] [client 64.227.180.211:57775] AH01797: client denied by server configuration: /home/cloudw/public_html/images/index.php, referer: binance.com
[Fri Dec 05 13:39:08.596513 2025] [access_compat:error] [pid 68816:tid 68816] [client 64.227.180.211:57775] AH01797: client denied by server configuration: /home/cloudw/public_html/images/index.php8, referer: binance.com
[Fri Dec 05 13:39:08.596678 2025] [access_compat:error] [pid 68816:tid 68816] [client 64.227.180.211:57775] AH01797: client denied by server configuration: /home/cloudw/public_html/images/index.php7, referer: binance.com
[Fri Dec 05 13:39:08.596837 2025] [access_compat:error] [pid 68816:tid 68816] [client 64.227.180.211:57775] AH01797: client denied by server configuration: /home/cloudw/public_html/images/index.php5, referer: binance.com
[Fri Dec 05 13:39:08.597122 2025] [access_compat:error] [pid 68816:tid 68816] [client 64.227.180.211:57775] AH01797: client denied by server configuration: /home/cloudw/public_html/images/index.phtml, referer: binance.com
[Fri Dec 05 13:39:15.897601 2025] [autoindex:error] [pid 75665:tid 75665] [client 10.30.9.138:54184] AH01276: Cannot serve directory /home/theforgecom/public_html/: No matching DirectoryIndex (index.php,index.php8,index.php7,index.php5,index.perl,index.pl,index.plx,index.ppl,index.cgi,index.jsp,index.jp,index.phtml,index.shtml,index.xhtml,index.html,index.htm,index.js) found, and server-generated directory index forbidden by Options directive
[Fri Dec 05 13:39:16.011079 2025] [autoindex:error] [pid 81506:tid 81506] [client 10.30.9.122:41430] AH01276: Cannot serve directory /home/theforgecom/public_html/: No matching DirectoryIndex (index.php,index.php8,index.php7,index.php5,index.perl,index.pl,index.plx,index.ppl,index.cgi,index.jsp,index.jp,index.phtml,index.shtml,index.xhtml,index.html,index.htm,index.js) found, and server-generated directory index forbidden by Options directive
[Fri Dec 05 13:39:45.895427 2025] [autoindex:error] [pid 63815:tid 63815] [client 10.30.9.138:47780] AH01276: Cannot serve directory /home/theforgecom/public_html/: No matching DirectoryIndex (index.php,index.php8,index.php7,index.php5,index.perl,index.pl,index.plx,index.ppl,index.cgi,index.jsp,index.jp,index.phtml,index.shtml,index.xhtml,index.html,index.htm,index.js) found, and server-generated directory index forbidden by Options directive
[Fri Dec 05 13:39:46.011071 2025] [autoindex:error] [pid 78899:tid 78899] [client 10.30.9.122:35088] AH01276: Cannot serve directory /home/theforgecom/public_html/: No matching DirectoryIndex (index.php,index.php8,index.php7,index.php5,index.perl,index.pl,index.plx,index.ppl,index.cgi,index.jsp,index.jp,index.phtml,index.shtml,index.xhtml,index.html,index.htm,index.js) found, and server-generated directory index forbidden by Options directive
[Fri Dec 05 13:39:48.102629 2025] [rewrite:warn] [pid 79281:tid 79281] AH00665: RewriteCond: NoCase option for non-regex pattern '-f' is not supported and will be ignored. (/home/oysipaoygov/public_html/.htaccess:13)
[Fri Dec 05 13:39:48.842726 2025] [access_compat:error] [pid 75665:tid 75665] [client 216.244.66.229:39022] AH01797: client denied by server configuration: /home/cloudw/team.cloudware.ng/vendor/friendsofphp/index.php
[Fri Dec 05 13:39:48.843253 2025] [access_compat:error] [pid 75665:tid 75665] [client 216.244.66.229:39022] AH01797: client denied by server configuration: /home/cloudw/team.cloudware.ng/vendor/friendsofphp/index.php5
[Fri Dec 05 13:40:15.895630 2025] [autoindex:error] [pid 79281:tid 79281] [client 10.30.9.138:41364] AH01276: Cannot serve directory /home/theforgecom/public_html/: No matching DirectoryIndex (index.php,index.php8,index.php7,index.php5,index.perl,index.pl,index.plx,index.ppl,index.cgi,index.jsp,index.jp,index.phtml,index.shtml,index.xhtml,index.html,index.htm,index.js) found, and server-generated directory index forbidden by Options directive
[Fri Dec 05 13:40:16.011073 2025] [autoindex:error] [pid 81521:tid 81521] [client 10.30.9.122:56996] AH01276: Cannot serve directory /home/theforgecom/public_html/: No matching DirectoryIndex (index.php,index.php8,index.php7,index.php5,index.perl,index.pl,index.plx,index.ppl,index.cgi,index.jsp,index.jp,index.phtml,index.shtml,index.xhtml,index.html,index.htm,index.js) found, and server-generated directory index forbidden by Options directive
[Fri Dec 05 13:40:45.896870 2025] [autoindex:error] [pid 81506:tid 81506] [client 10.30.9.138:34964] AH01276: Cannot serve directory /home/theforgecom/public_html/: No matching DirectoryIndex (index.php,index.php8,index.php7,index.php5,index.perl,index.pl,index.plx,index.ppl,index.cgi,index.jsp,index.jp,index.phtml,index.shtml,index.xhtml,index.html,index.htm,index.js) found, and server-generated directory index forbidden by Options directive
[Fri Dec 05 13:40:46.020238 2025] [autoindex:error] [pid 75391:tid 75391] [client 10.30.9.122:50682] AH01276: Cannot serve directory /home/theforgecom/public_html/: No matching DirectoryIndex (index.php,index.php8,index.php7,index.php5,index.perl,index.pl,index.plx,index.ppl,index.cgi,index.jsp,index.jp,index.phtml,index.shtml,index.xhtml,index.html,index.htm,index.js) found, and server-generated directory index forbidden by Options directive
[Fri Dec 05 13:41:13.415651 2025] [proxy_fcgi:error] [pid 81506:tid 81506] [client 4.241.246.30:9615] AH01071: Got error 'Primary script unknown'
[Fri Dec 05 13:41:13.621612 2025] [proxy_fcgi:error] [pid 81506:tid 81506] [client 4.241.246.30:9615] AH01071: Got error 'Primary script unknown'
[Fri Dec 05 13:41:13.805545 2025] [proxy_fcgi:error] [pid 81506:tid 81506] [client 4.241.246.30:9615] AH01071: Got error 'Primary script unknown'
[Fri Dec 05 13:41:14.007178 2025] [proxy_fcgi:error] [pid 81506:tid 81506] [client 4.241.246.30:9615] AH01071: Got error 'Primary script unknown'
[Fri Dec 05 13:41:14.394597 2025] [proxy_fcgi:error] [pid 81506:tid 81506] [client 4.241.246.30:9615] AH01071: Got error 'Primary script unknown'
[Fri Dec 05 13:41:14.590879 2025] [proxy_fcgi:error] [pid 81506:tid 81506] [client 4.241.246.30:9615] AH01071: Got error 'Primary script unknown'
[Fri Dec 05 13:41:14.786011 2025] [proxy_fcgi:error] [pid 81506:tid 81506] [client 4.241.246.30:9615] AH01071: Got error 'Primary script unknown'
[Fri Dec 05 13:41:15.823695 2025] [proxy_fcgi:error] [pid 81506:tid 81506] [client 4.241.246.30:9615] AH01071: Got error 'Primary script unknown'
[Fri Dec 05 13:41:15.894839 2025] [autoindex:error] [pid 79281:tid 79281] [client 10.30.9.138:56792] AH01276: Cannot serve directory /home/theforgecom/public_html/: No matching DirectoryIndex (index.php,index.php8,index.php7,index.php5,index.perl,index.pl,index.plx,index.ppl,index.cgi,index.jsp,index.jp,index.phtml,index.shtml,index.xhtml,index.html,index.htm,index.js) found, and server-generated directory index forbidden by Options directive
[Fri Dec 05 13:41:16.010941 2025] [autoindex:error] [pid 68816:tid 68816] [client 10.30.9.122:44316] AH01276: Cannot serve directory /home/theforgecom/public_html/: No matching DirectoryIndex (index.php,index.php8,index.php7,index.php5,index.perl,index.pl,index.plx,index.ppl,index.cgi,index.jsp,index.jp,index.phtml,index.shtml,index.xhtml,index.html,index.htm,index.js) found, and server-generated directory index forbidden by Options directive
[Fri Dec 05 13:41:16.214597 2025] [proxy_fcgi:error] [pid 81506:tid 81506] [client 4.241.246.30:9615] AH01071: Got error 'Primary script unknown'
[Fri Dec 05 13:41:16.413570 2025] [proxy_fcgi:error] [pid 81506:tid 81506] [client 4.241.246.30:9615] AH01071: Got error 'Primary script unknown'
[Fri Dec 05 13:41:16.823293 2025] [proxy_fcgi:error] [pid 81506:tid 81506] [client 4.241.246.30:9615] AH01071: Got error 'Primary script unknown'
[Fri Dec 05 13:41:17.610873 2025] [proxy_fcgi:error] [pid 81506:tid 81506] [client 4.241.246.30:9615] AH01071: Got error 'Primary script unknown'
[Fri Dec 05 13:41:18.566876 2025] [proxy_fcgi:error] [pid 81506:tid 81506] [client 4.241.246.30:9615] AH01071: Got error 'Primary script unknown'
[Fri Dec 05 13:41:18.750282 2025] [proxy_fcgi:error] [pid 81506:tid 81506] [client 4.241.246.30:9615] AH01071: Got error 'Primary script unknown'
[Fri Dec 05 13:41:18.965190 2025] [proxy_fcgi:error] [pid 81506:tid 81506] [client 4.241.246.30:9615] AH01071: Got error 'Primary script unknown'
[Fri Dec 05 13:41:19.531042 2025] [proxy_fcgi:error] [pid 81506:tid 81506] [client 4.241.246.30:9615] AH01071: Got error 'Primary script unknown'
[Fri Dec 05 13:41:19.731390 2025] [proxy_fcgi:error] [pid 81506:tid 81506] [client 4.241.246.30:9615] AH01071: Got error 'Primary script unknown'
[Fri Dec 05 13:41:19.926248 2025] [proxy_fcgi:error] [pid 81506:tid 81506] [client 4.241.246.30:9615] AH01071: Got error 'Primary script unknown'
[Fri Dec 05 13:41:20.129794 2025] [proxy_fcgi:error] [pid 81506:tid 81506] [client 4.241.246.30:9615] AH01071: Got error 'Primary script unknown'
[Fri Dec 05 13:41:20.374688 2025] [proxy_fcgi:error] [pid 81506:tid 81506] [client 4.241.246.30:9615] AH01071: Got error 'Primary script unknown'
[Fri Dec 05 13:41:20.746154 2025] [proxy_fcgi:error] [pid 81506:tid 81506] [client 4.241.246.30:9615] AH01071: Got error 'Primary script unknown'
[Fri Dec 05 13:41:21.304113 2025] [proxy_fcgi:error] [pid 81506:tid 81506] [client 4.241.246.30:9615] AH01071: Got error 'Primary script unknown'
[Fri Dec 05 13:41:21.507594 2025] [proxy_fcgi:error] [pid 81506:tid 81506] [client 4.241.246.30:9615] AH01071: Got error 'Primary script unknown'
[Fri Dec 05 13:41:21.693254 2025] [proxy_fcgi:error] [pid 81506:tid 81506] [client 4.241.246.30:9615] AH01071: Got error 'Primary script unknown'
[Fri Dec 05 13:41:21.892123 2025] [proxy_fcgi:error] [pid 81506:tid 81506] [client 4.241.246.30:9615] AH01071: Got error 'Primary script unknown'
[Fri Dec 05 13:41:22.077568 2025] [proxy_fcgi:error] [pid 81506:tid 81506] [client 4.241.246.30:9615] AH01071: Got error 'Primary script unknown'
[Fri Dec 05 13:41:22.472504 2025] [proxy_fcgi:error] [pid 81506:tid 81506] [client 4.241.246.30:9615] AH01071: Got error 'Primary script unknown'
[Fri Dec 05 13:41:22.695802 2025] [proxy_fcgi:error] [pid 81506:tid 81506] [client 4.241.246.30:9615] AH01071: Got error 'Primary script unknown'
[Fri Dec 05 13:41:23.091726 2025] [proxy_fcgi:error] [pid 81506:tid 81506] [client 4.241.246.30:9615] AH01071: Got error 'Primary script unknown'
[Fri Dec 05 13:41:23.281881 2025] [proxy_fcgi:error] [pid 81506:tid 81506] [client 4.241.246.30:9615] AH01071: Got error 'Primary script unknown'
[Fri Dec 05 13:41:23.990376 2025] [proxy_fcgi:error] [pid 81506:tid 81506] [client 4.241.246.30:9615] AH01071: Got error 'Primary script unknown'
[Fri Dec 05 13:41:24.778895 2025] [proxy_fcgi:error] [pid 81506:tid 81506] [client 4.241.246.30:9615] AH01071: Got error 'Primary script unknown'
[Fri Dec 05 13:41:25.147817 2025] [proxy_fcgi:error] [pid 81506:tid 81506] [client 4.241.246.30:9615] AH01071: Got error 'Primary script unknown'
[Fri Dec 05 13:41:25.340734 2025] [proxy_fcgi:error] [pid 81506:tid 81506] [client 4.241.246.30:9615] AH01071: Got error 'Primary script unknown'
[Fri Dec 05 13:41:25.939630 2025] [proxy_fcgi:error] [pid 81506:tid 81506] [client 4.241.246.30:9615] AH01071: Got error 'Primary script unknown'
[Fri Dec 05 13:41:26.574851 2025] [proxy_fcgi:error] [pid 81506:tid 81506] [client 4.241.246.30:9615] AH01071: Got error 'Primary script unknown'
[Fri Dec 05 13:41:27.240024 2025] [proxy_fcgi:error] [pid 81506:tid 81506] [client 4.241.246.30:9615] AH01071: Got error 'Primary script unknown'
[Fri Dec 05 13:41:27.445210 2025] [proxy_fcgi:error] [pid 81506:tid 81506] [client 4.241.246.30:9615] AH01071: Got error 'Primary script unknown'
[Fri Dec 05 13:41:27.629862 2025] [proxy_fcgi:error] [pid 81506:tid 81506] [client 4.241.246.30:9615] AH01071: Got error 'Primary script unknown'
[Fri Dec 05 13:41:27.856593 2025] [proxy_fcgi:error] [pid 81506:tid 81506] [client 4.241.246.30:9615] AH01071: Got error 'Primary script unknown'
[Fri Dec 05 13:41:28.059562 2025] [proxy_fcgi:error] [pid 81506:tid 81506] [client 4.241.246.30:9615] AH01071: Got error 'Primary script unknown'
[Fri Dec 05 13:41:28.243279 2025] [proxy_fcgi:error] [pid 81506:tid 81506] [client 4.241.246.30:9615] AH01071: Got error 'Primary script unknown'
[Fri Dec 05 13:41:28.426748 2025] [proxy_fcgi:error] [pid 81506:tid 81506] [client 4.241.246.30:9615] AH01071: Got error 'Primary script unknown'
[Fri Dec 05 13:41:29.009316 2025] [proxy_fcgi:error] [pid 81506:tid 81506] [client 4.241.246.30:9615] AH01071: Got error 'Primary script unknown'
[Fri Dec 05 13:41:29.411937 2025] [proxy_fcgi:error] [pid 81506:tid 81506] [client 4.241.246.30:9615] AH01071: Got error 'Primary script unknown'
[Fri Dec 05 13:41:29.789148 2025] [proxy_fcgi:error] [pid 81506:tid 81506] [client 4.241.246.30:9615] AH01071: Got error 'Primary script unknown'
[Fri Dec 05 13:41:29.987975 2025] [proxy_fcgi:error] [pid 81506:tid 81506] [client 4.241.246.30:9615] AH01071: Got error 'Primary script unknown'
[Fri Dec 05 13:41:30.384053 2025] [proxy_fcgi:error] [pid 81506:tid 81506] [client 4.241.246.30:9615] AH01071: Got error 'Primary script unknown'
[Fri Dec 05 13:41:30.574885 2025] [proxy_fcgi:error] [pid 81506:tid 81506] [client 4.241.246.30:9615] AH01071: Got error 'Primary script unknown'
[Fri Dec 05 13:41:30.758734 2025] [proxy_fcgi:error] [pid 81506:tid 81506] [client 4.241.246.30:9615] AH01071: Got error 'Primary script unknown'
[Fri Dec 05 13:41:31.139430 2025] [proxy_fcgi:error] [pid 81506:tid 81506] [client 4.241.246.30:9615] AH01071: Got error 'Primary script unknown'
[Fri Dec 05 13:41:31.574771 2025] [proxy_fcgi:error] [pid 81506:tid 81506] [client 4.241.246.30:9615] AH01071: Got error 'Primary script unknown'
[Fri Dec 05 13:41:31.776133 2025] [proxy_fcgi:error] [pid 81506:tid 81506] [client 4.241.246.30:9615] AH01071: Got error 'Primary script unknown'
[Fri Dec 05 13:41:32.153517 2025] [proxy_fcgi:error] [pid 81506:tid 81506] [client 4.241.246.30:9615] AH01071: Got error 'Primary script unknown'
[Fri Dec 05 13:41:43.406295 2025] [proxy_fcgi:error] [pid 75661:tid 75661] [client 4.241.246.30:9618] AH01071: Got error 'Primary script unknown'
